Last updated on 2025-10-31 02:50:46 CET.
| Flavor | Version | Tinstall | Tcheck | Ttotal | Status | Flags | 
|---|---|---|---|---|---|---|
| r-devel-linux-x86_64-debian-clang | 1.0.2 | 13.30 | 84.07 | 97.37 | NOTE | |
| r-devel-linux-x86_64-debian-gcc | 1.0.2 | 9.40 | 57.40 | 66.80 | NOTE | |
| r-devel-linux-x86_64-fedora-clang | 1.0.2 | 25.00 | 120.30 | 145.30 | OK | |
| r-devel-linux-x86_64-fedora-gcc | 1.0.2 | 29.00 | 107.29 | 136.29 | OK | |
| r-devel-windows-x86_64 | 1.0.2 | 17.00 | 91.00 | 108.00 | OK | |
| r-patched-linux-x86_64 | 1.0.2 | 13.47 | 75.22 | 88.69 | OK | |
| r-release-linux-x86_64 | 1.0.2 | 12.44 | 76.91 | 89.35 | OK | |
| r-release-macos-arm64 | 1.0.2 | 11.00 | 46.00 | 57.00 | OK | |
| r-release-macos-x86_64 | 1.0.2 | 12.00 | 67.00 | 79.00 | OK | |
| r-release-windows-x86_64 | 1.0.2 | 18.00 | 92.00 | 110.00 | OK | |
| r-oldrel-macos-arm64 | 1.0.2 | 8.00 | 34.00 | 42.00 | OK | |
| r-oldrel-macos-x86_64 | 1.0.2 | 9.00 | 50.00 | 59.00 | OK | |
| r-oldrel-windows-x86_64 | 1.0.2 | 25.00 | 114.00 | 139.00 | OK | 
Version: 1.0.2
Check: CRAN incoming feasibility
Result: NOTE
  Maintainer: ‘Yuqing Pan <yuqing.pan@stat.fsu.edu>’
  
  No Authors@R field in DESCRIPTION.
  Please add one, modifying
    Authors@R: c(person(given = "Yuqing",
                        family = "Pan",
                        role = c("aut", "cre"),
                        email = "yuqing.pan@stat.fsu.edu"),
                 person(given = "Qing",
                        family = "Mai",
                        role = "aut",
                        email = "mai@stat.fsu.edu"),
                 person(given = "Xin",
                        family = "Zhang",
                        role = "aut",
                        email = "henry@stat.fsu.edu"))
  as necessary.
  
  The Description field contains
    (2019) <arXiv:1904.03469>. Functions are included for covariate
  Please refer to arXiv e-prints via their arXiv DOI <doi:10.48550/arXiv.YYMM.NNNNN>.
Flavors: r-devel-linux-x86_64-debian-clang, r-devel-linux-x86_64-debian-gcc