Last updated on 2025-05-07 03:51:16 CEST.
Flavor | Version | Tinstall | Tcheck | Ttotal | Status | Flags |
---|---|---|---|---|---|---|
r-devel-linux-x86_64-debian-clang | 1.2.1 | 3.54 | 33.91 | 37.45 | NOTE | |
r-devel-linux-x86_64-debian-gcc | 1.2.1 | 2.68 | 25.97 | 28.65 | NOTE | |
r-devel-linux-x86_64-fedora-clang | 1.2.1 | 58.36 | NOTE | |||
r-devel-linux-x86_64-fedora-gcc | 1.2.1 | 54.70 | NOTE | |||
r-devel-windows-x86_64 | 1.2.1 | 6.00 | 52.00 | 58.00 | NOTE | |
r-patched-linux-x86_64 | 1.2.1 | 3.68 | 33.08 | 36.76 | NOTE | |
r-release-linux-x86_64 | 1.2.1 | 3.38 | 32.56 | 35.94 | NOTE | |
r-release-macos-arm64 | 1.2.1 | 26.00 | NOTE | |||
r-release-macos-x86_64 | 1.2.1 | 37.00 | NOTE | |||
r-release-windows-x86_64 | 1.2.1 | 6.00 | 132.00 | 138.00 | NOTE | |
r-oldrel-macos-arm64 | 1.2.1 | 21.00 | OK | |||
r-oldrel-macos-x86_64 | 1.2.1 | 32.00 | OK | |||
r-oldrel-windows-x86_64 | 1.2.1 | 7.00 | 61.00 | 68.00 | OK |
Version: 1.2.1
Check: DESCRIPTION meta-information
Result: NOTE
Missing dependency on R >= 4.1.0 because package code uses the pipe
|> or function shorthand \(...) syntax added in R 4.1.0.
File(s) using such syntax:
‘TaylorRussell.Rd’
Flavors: r-devel-linux-x86_64-debian-clang, r-devel-linux-x86_64-debian-gcc, r-devel-linux-x86_64-fedora-clang, r-devel-linux-x86_64-fedora-gcc, r-devel-windows-x86_64, r-patched-linux-x86_64, r-release-linux-x86_64, r-release-macos-arm64, r-release-macos-x86_64, r-release-windows-x86_64