Last updated on 2025-05-06 03:51:18 CEST.
Flavor | Version | Tinstall | Tcheck | Ttotal | Status | Flags |
---|---|---|---|---|---|---|
r-devel-linux-x86_64-debian-clang | 0.1.0 | 5.39 | 45.14 | 50.53 | NOTE | |
r-devel-linux-x86_64-debian-gcc | 0.1.0 | 4.24 | 33.40 | 37.64 | NOTE | |
r-devel-linux-x86_64-fedora-clang | 0.1.0 | 70.83 | OK | |||
r-devel-linux-x86_64-fedora-gcc | 0.1.0 | 75.35 | OK | |||
r-devel-windows-x86_64 | 0.1.0 | 7.00 | 62.00 | 69.00 | OK | |
r-patched-linux-x86_64 | 0.1.0 | 6.10 | 42.60 | 48.70 | OK | |
r-release-linux-x86_64 | 0.1.0 | 5.98 | 42.41 | 48.39 | OK | |
r-release-macos-arm64 | 0.1.0 | 24.00 | OK | |||
r-release-macos-x86_64 | 0.1.0 | 44.00 | OK | |||
r-release-windows-x86_64 | 0.1.0 | 7.00 | 58.00 | 65.00 | OK | |
r-oldrel-macos-arm64 | 0.1.0 | 24.00 | OK | |||
r-oldrel-macos-x86_64 | 0.1.0 | 36.00 | OK | |||
r-oldrel-windows-x86_64 | 0.1.0 | 9.00 | 188.00 | 197.00 | OK |
Version: 0.1.0
Check: CRAN incoming feasibility
Result: NOTE
Maintainer: ‘Amit Sasson <amitsasson1@gmail.com>’
No Authors@R field in DESCRIPTION.
Please add one, modifying
Authors@R: person(given = "Amit",
family = "Sasson",
role = c("aut", "cre"),
email = "amitsasson1@gmail.com")
as necessary.
Flavors: r-devel-linux-x86_64-debian-clang, r-devel-linux-x86_64-debian-gcc