Last updated on 2025-10-31 02:50:46 CET.
| Flavor | Version | Tinstall | Tcheck | Ttotal | Status | Flags | 
|---|---|---|---|---|---|---|
| r-devel-linux-x86_64-debian-clang | 1.0.2 | 8.49 | 98.85 | 107.34 | NOTE | |
| r-devel-linux-x86_64-debian-gcc | 1.0.2 | 5.68 | 82.65 | 88.33 | NOTE | |
| r-devel-linux-x86_64-fedora-clang | 1.0.2 | 21.00 | 137.33 | 158.33 | OK | |
| r-devel-linux-x86_64-fedora-gcc | 1.0.2 | 17.00 | 148.97 | 165.97 | OK | |
| r-devel-windows-x86_64 | 1.0.2 | 10.00 | 105.00 | 115.00 | NOTE | |
| r-patched-linux-x86_64 | 1.0.2 | 7.75 | 94.11 | 101.86 | NOTE | |
| r-release-linux-x86_64 | 1.0.2 | 8.07 | 93.92 | 101.99 | NOTE | |
| r-release-macos-arm64 | 1.0.2 | 5.00 | 68.00 | 73.00 | OK | |
| r-release-macos-x86_64 | 1.0.2 | 8.00 | 111.00 | 119.00 | OK | |
| r-release-windows-x86_64 | 1.0.2 | 10.00 | 195.00 | 205.00 | NOTE | |
| r-oldrel-macos-arm64 | 1.0.2 | 4.00 | 54.00 | 58.00 | OK | |
| r-oldrel-macos-x86_64 | 1.0.2 | 6.00 | 74.00 | 80.00 | OK | |
| r-oldrel-windows-x86_64 | 1.0.2 | 11.00 | 134.00 | 145.00 | OK | 
Version: 1.0.2
Check: CRAN incoming feasibility
Result: NOTE
  Maintainer: ‘Xiang Lyu <xianglyu@berkeley.edu>’
  
  No Authors@R field in DESCRIPTION.
  Please add one, modifying
    Authors@R: c(person(given = "Xiang",
                        family = "Lyu",
                        role = c("aut", "cre"),
                        email = "xianglyu@berkeley.edu"),
                 person(given = c("Will", "Wei"),
                        family = "Sun",
                        role = "aut"),
                 person(given = "Zhaoran",
                        family = "Wang",
                        role = "aut"),
                 person(given = "Han",
                        family = "Liu",
                        role = "aut"),
                 person(given = "Jian",
                        family = "Yang",
                        role = "aut"),
                 person(given = "Guang",
                        family = "Cheng",
                        role = "aut"))
  as necessary.
Flavors: r-devel-linux-x86_64-debian-clang, r-devel-linux-x86_64-debian-gcc
Version: 1.0.2
Check: Rd cross-references
Result: NOTE
  Found the following Rd file(s) with Rd \link{} targets missing package
  anchors:
    Tlasso.fit.Rd: huge
  Please provide package anchors for all Rd \link{} targets not in the
  package itself and the base packages.
Flavors: r-devel-linux-x86_64-debian-clang, r-devel-linux-x86_64-debian-gcc, r-devel-windows-x86_64, r-patched-linux-x86_64, r-release-linux-x86_64, r-release-windows-x86_64