Last updated on 2025-05-04 03:51:09 CEST.
Flavor | Version | Tinstall | Tcheck | Ttotal | Status | Flags |
---|---|---|---|---|---|---|
r-devel-linux-x86_64-debian-clang | 0.0.1 | 7.01 | 55.98 | 62.99 | NOTE | |
r-devel-linux-x86_64-debian-gcc | 0.0.1 | 5.24 | 43.15 | 48.39 | NOTE | |
r-devel-linux-x86_64-fedora-clang | 0.0.1 | 98.02 | OK | |||
r-devel-linux-x86_64-fedora-gcc | 0.0.1 | 94.45 | OK | |||
r-devel-windows-x86_64 | 0.0.1 | 7.00 | 74.00 | 81.00 | OK | |
r-patched-linux-x86_64 | 0.0.1 | 7.10 | 54.56 | 61.66 | OK | |
r-release-linux-x86_64 | OK | |||||
r-release-macos-arm64 | 0.0.1 | 38.00 | OK | |||
r-release-macos-x86_64 | 0.0.1 | 67.00 | OK | |||
r-release-windows-x86_64 | 0.0.1 | 7.00 | 70.00 | 77.00 | OK | |
r-oldrel-macos-arm64 | 0.0.1 | 34.00 | OK | |||
r-oldrel-macos-x86_64 | 0.0.1 | 43.00 | OK | |||
r-oldrel-windows-x86_64 | 0.0.1 | 10.00 | 85.00 | 95.00 | OK |
Version: 0.0.1
Check: CRAN incoming feasibility
Result: NOTE
Maintainer: ‘Minzhe Wang <minzhew@uchicago.edu>’
The Description field contains
(2017) <arXiv:1704.07016>.
Please refer to arXiv e-prints via their arXiv DOI <doi:10.48550/arXiv.YYMM.NNNNN>.
Flavors: r-devel-linux-x86_64-debian-clang, r-devel-linux-x86_64-debian-gcc