Last updated on 2025-05-06 03:51:19 CEST.
Flavor | Version | Tinstall | Tcheck | Ttotal | Status | Flags |
---|---|---|---|---|---|---|
r-devel-linux-x86_64-debian-clang | 0.0.4.2 | 40.14 | 578.16 | 618.30 | NOTE | |
r-devel-linux-x86_64-debian-gcc | 0.0.4.2 | 32.21 | 354.19 | 386.40 | NOTE | |
r-devel-linux-x86_64-fedora-clang | 0.0.4.2 | 1018.96 | NOTE | |||
r-devel-linux-x86_64-fedora-gcc | 0.0.4.2 | 944.92 | NOTE | |||
r-devel-windows-x86_64 | 0.0.4.2 | 44.00 | 588.00 | 632.00 | NOTE | |
r-patched-linux-x86_64 | 0.0.4.2 | 40.27 | 506.77 | 547.04 | NOTE | |
r-release-linux-x86_64 | 0.0.4.2 | 37.79 | 526.24 | 564.03 | NOTE | |
r-release-macos-arm64 | 0.0.4.2 | 303.00 | NOTE | |||
r-release-macos-x86_64 | 0.0.4.2 | 451.00 | OK | |||
r-release-windows-x86_64 | 0.0.4.2 | 48.00 | 592.00 | 640.00 | NOTE | |
r-oldrel-macos-arm64 | 0.0.4.2 | 238.00 | OK | |||
r-oldrel-macos-x86_64 | 0.0.4.2 | 453.00 | OK | |||
r-oldrel-windows-x86_64 | 0.0.4.2 | 61.00 | 773.00 | 834.00 | OK |
Version: 0.0.4.2
Check: DESCRIPTION meta-information
Result: NOTE
Missing dependency on R >= 4.1.0 because package code uses the pipe
|> or function shorthand \(...) syntax added in R 4.1.0.
File(s) using such syntax:
‘calculate_weights.Rd’ ‘fit_msm.Rd’ ‘load_expanded_data.Rd’
‘save_to_csv.Rd’ ‘save_to_datatable.Rd’ ‘save_to_duckdb.Rd’
‘set_censor_weight_model.Rd’ ‘set_data.Rd’ ‘set_expansion_options.Rd’
‘set_outcome_model.Rd’ ‘set_switch_weight_model.Rd’
‘weight_model_data_indices.Rd’
Flavors: r-devel-linux-x86_64-debian-clang, r-devel-linux-x86_64-debian-gcc, r-devel-linux-x86_64-fedora-clang, r-devel-linux-x86_64-fedora-gcc, r-devel-windows-x86_64, r-patched-linux-x86_64, r-release-linux-x86_64, r-release-macos-arm64, r-release-windows-x86_64