Last updated on 2025-05-04 03:51:09 CEST.
Flavor | Version | Tinstall | Tcheck | Ttotal | Status | Flags |
---|---|---|---|---|---|---|
r-devel-linux-x86_64-debian-clang | 1.1 | 1.74 | 25.03 | 26.77 | NOTE | |
r-devel-linux-x86_64-debian-gcc | 1.1 | 1.66 | 20.09 | 21.75 | NOTE | |
r-devel-linux-x86_64-fedora-clang | 1.1 | 43.18 | OK | |||
r-devel-linux-x86_64-fedora-gcc | 1.1 | 44.00 | OK | |||
r-devel-windows-x86_64 | 1.1 | 3.00 | 50.00 | 53.00 | OK | |
r-patched-linux-x86_64 | 1.1 | 2.07 | 24.20 | 26.27 | OK | |
r-release-linux-x86_64 | OK | |||||
r-release-macos-arm64 | 1.1 | 17.00 | OK | |||
r-release-macos-x86_64 | 1.1 | 28.00 | OK | |||
r-release-windows-x86_64 | 1.1 | 3.00 | 50.00 | 53.00 | OK | |
r-oldrel-macos-arm64 | 1.1 | 17.00 | OK | |||
r-oldrel-macos-x86_64 | 1.1 | 23.00 | OK | |||
r-oldrel-windows-x86_64 | 1.1 | 4.00 | 47.00 | 51.00 | OK |
Version: 1.1
Check: CRAN incoming feasibility
Result: NOTE
Maintainer: ‘Zhiqiang Tan <ztan@stat.rutgers.edu>’
No Authors@R field in DESCRIPTION.
Please add one, modifying
Authors@R: c(person(given = "Zhiqiang",
family = "Tan",
role = c("aut", "cre"),
email = "ztan@stat.rutgers.edu"),
person(given = "Emilio",
family = "Gallicchio",
role = "aut"))
as necessary.
Package CITATION file contains call(s) to old-style personList() or
as.personList(). Please use c() on person objects instead.
Package CITATION file contains call(s) to old-style citEntry(). Please
use bibentry() instead.
Flavors: r-devel-linux-x86_64-debian-clang, r-devel-linux-x86_64-debian-gcc