Last updated on 2025-05-04 03:51:09 CEST.
Flavor | Version | Tinstall | Tcheck | Ttotal | Status | Flags |
---|---|---|---|---|---|---|
r-devel-linux-x86_64-debian-clang | 1.0 | 24.21 | 59.22 | 83.43 | NOTE | |
r-devel-linux-x86_64-debian-gcc | 1.0 | 17.22 | 44.40 | 61.62 | NOTE | |
r-devel-linux-x86_64-fedora-clang | 1.0 | 143.34 | NOTE | |||
r-devel-linux-x86_64-fedora-gcc | 1.0 | 141.00 | NOTE | |||
r-devel-windows-x86_64 | 1.0 | 30.00 | 101.00 | 131.00 | NOTE | |
r-patched-linux-x86_64 | 1.0 | 22.25 | 57.91 | 80.16 | NOTE | |
r-release-linux-x86_64 | NOTE | |||||
r-release-macos-arm64 | 1.0 | 42.00 | NOTE | |||
r-release-macos-x86_64 | 1.0 | 81.00 | NOTE | |||
r-release-windows-x86_64 | 1.0 | 30.00 | 97.00 | 127.00 | NOTE | |
r-oldrel-macos-arm64 | 1.0 | 39.00 | NOTE | |||
r-oldrel-macos-x86_64 | 1.0 | 59.00 | NOTE | |||
r-oldrel-windows-x86_64 | 1.0 | 38.00 | 112.00 | 150.00 | NOTE |
Version: 1.0
Check: CRAN incoming feasibility
Result: NOTE
Maintainer: ‘Andrew G Chapple <achapp@lsuhsc.edu>’
No Authors@R field in DESCRIPTION.
Please add one, modifying
Authors@R: person(given = c("Andrew", "G"),
family = "Chapple",
role = c("aut", "cre"),
email = "achapp@lsuhsc.edu")
as necessary.
Flavors: r-devel-linux-x86_64-debian-clang, r-devel-linux-x86_64-debian-gcc
Version: 1.0
Check: C++ specification
Result: NOTE
Specified C++11: please drop specification unless essential
Flavors: r-devel-linux-x86_64-debian-clang, r-devel-linux-x86_64-debian-gcc, r-devel-linux-x86_64-fedora-clang, r-devel-linux-x86_64-fedora-gcc, r-devel-windows-x86_64, r-patched-linux-x86_64, r-release-linux-x86_64, r-release-macos-arm64, r-release-macos-x86_64, r-release-windows-x86_64, r-oldrel-macos-arm64, r-oldrel-macos-x86_64, r-oldrel-windows-x86_64