CRAN Package Check Results for Package VAR.etp

Last updated on 2025-05-07 03:51:18 CEST.

Flavor Version Tinstall Tcheck Ttotal Status Flags
r-devel-linux-x86_64-debian-clang 1.1 4.44 37.29 41.73 NOTE
r-devel-linux-x86_64-debian-gcc 1.1 3.15 26.24 29.39 NOTE
r-devel-linux-x86_64-fedora-clang 1.1 64.78 OK
r-devel-linux-x86_64-fedora-gcc 1.1 64.66 OK
r-devel-windows-x86_64 1.1 5.00 55.00 60.00 OK
r-patched-linux-x86_64 1.1 4.68 35.85 40.53 OK
r-release-linux-x86_64 1.1 4.77 35.33 40.10 OK
r-release-macos-arm64 1.1 21.00 OK
r-release-macos-x86_64 1.1 37.00 OK
r-release-windows-x86_64 1.1 6.00 59.00 65.00 OK
r-oldrel-macos-arm64 1.1 21.00 OK
r-oldrel-macos-x86_64 1.1 30.00 OK
r-oldrel-windows-x86_64 1.1 4.00 53.00 57.00 OK

Check Details

Version: 1.1
Check: CRAN incoming feasibility
Result: NOTE Maintainer: ‘Jae H. Kim <jaekim8080@gmail.com>’ No Authors@R field in DESCRIPTION. Please add one, modifying Authors@R: c(person(given = c("Jae.", "H."), family = "Kim", role = "aut"), person(given = c("Jae", "H."), family = "Kim", role = "cre", email = "jaekim8080@gmail.com")) as necessary. Flavors: r-devel-linux-x86_64-debian-clang, r-devel-linux-x86_64-debian-gcc