Last updated on 2025-05-04 03:51:10 CEST.
Flavor | Version | Tinstall | Tcheck | Ttotal | Status | Flags |
---|---|---|---|---|---|---|
r-devel-linux-x86_64-debian-clang | 0.1.0 | 14.29 | 119.97 | 134.26 | NOTE | |
r-devel-linux-x86_64-debian-gcc | 0.1.0 | 11.66 | 93.98 | 105.64 | NOTE | |
r-devel-linux-x86_64-fedora-clang | 0.1.0 | 225.54 | OK | |||
r-devel-linux-x86_64-fedora-gcc | 0.1.0 | 206.26 | OK | |||
r-devel-windows-x86_64 | 0.1.0 | 19.00 | 123.00 | 142.00 | OK | |
r-patched-linux-x86_64 | 0.1.0 | 14.76 | 114.13 | 128.89 | OK | |
r-release-linux-x86_64 | OK | |||||
r-release-macos-arm64 | 0.1.0 | 56.00 | OK | |||
r-release-macos-x86_64 | 0.1.0 | 105.00 | OK | |||
r-release-windows-x86_64 | 0.1.0 | 16.00 | 117.00 | 133.00 | OK | |
r-oldrel-macos-arm64 | 0.1.0 | 46.00 | NOTE | |||
r-oldrel-macos-x86_64 | 0.1.0 | 75.00 | NOTE | |||
r-oldrel-windows-x86_64 | 0.1.0 | 22.00 | 157.00 | 179.00 | NOTE |
Version: 0.1.0
Check: CRAN incoming feasibility
Result: NOTE
Maintainer: ‘Dr. Ranjit Kumar Paul <ranjitstat@gmail.com>’
No Authors@R field in DESCRIPTION.
Please add one, modifying
Authors@R: c(person(given = c("Dr.", "Ranjit", "Kumar"),
family = "Paul",
role = c("aut", "cre"),
email = "ranjitstat@gmail.com"),
person(given = c("Mr.", "Ankit"),
family = "Tanwar",
role = "aut"))
as necessary.
The Description field contains
<doi.org/10.1016/j.eneco.2012.03.003>.
Please write DOIs as <doi:prefix/suffix>.
Flavors: r-devel-linux-x86_64-debian-clang, r-devel-linux-x86_64-debian-gcc
Version: 0.1.0
Check: LazyData
Result: NOTE
'LazyData' is specified without a 'data' directory
Flavors: r-oldrel-macos-arm64, r-oldrel-macos-x86_64, r-oldrel-windows-x86_64