Last updated on 2025-05-06 03:51:20 CEST.
Flavor | Version | Tinstall | Tcheck | Ttotal | Status | Flags |
---|---|---|---|---|---|---|
r-devel-linux-x86_64-debian-clang | 1.0.3 | 7.83 | 56.93 | 64.76 | NOTE | |
r-devel-linux-x86_64-debian-gcc | 1.0.3 | 4.79 | 41.52 | 46.31 | NOTE | |
r-devel-linux-x86_64-fedora-clang | 1.0.3 | 90.55 | OK | |||
r-devel-linux-x86_64-fedora-gcc | 1.0.3 | 108.67 | OK | |||
r-devel-windows-x86_64 | 1.0.3 | 9.00 | 73.00 | 82.00 | OK | |
r-patched-linux-x86_64 | 1.0.3 | 6.92 | 51.97 | 58.89 | OK | |
r-release-linux-x86_64 | 1.0.3 | 6.51 | 52.70 | 59.21 | OK | |
r-release-macos-arm64 | 1.0.3 | 47.00 | OK | |||
r-release-macos-x86_64 | 1.0.3 | 71.00 | OK | |||
r-release-windows-x86_64 | 1.0.3 | 8.00 | 74.00 | 82.00 | OK | |
r-oldrel-macos-arm64 | 1.0.3 | 43.00 | OK | |||
r-oldrel-macos-x86_64 | 1.0.3 | 61.00 | OK | |||
r-oldrel-windows-x86_64 | 1.0.3 | 12.00 | 91.00 | 103.00 | OK |
Version: 1.0.3
Check: CRAN incoming feasibility
Result: NOTE
Maintainer: ‘Marcelo Ponce <m.ponce@utoronto.ca>’
No Authors@R field in DESCRIPTION.
Please add one, modifying
Authors@R: person(given = "Marcelo",
family = "Ponce",
role = c("aut", "cre"),
email = "m.ponce@utoronto.ca")
as necessary.
Flavors: r-devel-linux-x86_64-debian-clang, r-devel-linux-x86_64-debian-gcc