CRAN Package Check Results for Package WOTPLY

Last updated on 2025-07-03 03:49:56 CEST.

Flavor Version Tinstall Tcheck Ttotal Status Flags
r-devel-linux-x86_64-debian-clang 0.1.0 2.03 23.17 25.20 OK
r-devel-linux-x86_64-debian-gcc 0.1.0 1.64 18.94 20.58 OK
r-devel-linux-x86_64-fedora-clang 0.1.0 42.49 NOTE
r-devel-linux-x86_64-fedora-gcc 0.1.0 64.58 NOTE
r-devel-windows-x86_64 0.1.0 4.00 45.00 49.00 OK
r-patched-linux-x86_64 0.1.0 2.01 21.95 23.96 OK
r-release-linux-x86_64 0.1.0 1.76 21.78 23.54 OK
r-release-macos-arm64 0.1.0 25.00 OK
r-release-macos-x86_64 0.1.0 43.00 OK
r-release-windows-x86_64 0.1.0 4.00 44.00 48.00 OK
r-oldrel-macos-arm64 0.1.0 27.00 OK
r-oldrel-macos-x86_64 0.1.0 35.00 OK
r-oldrel-windows-x86_64 0.1.0 4.00 145.00 149.00 OK

Check Details

Version: 0.1.0
Check: dependencies in R code
Result: NOTE Namespace in Imports field not imported from: ‘sna’ All declared Imports should be used. Flavors: r-devel-linux-x86_64-fedora-clang, r-devel-linux-x86_64-fedora-gcc