Last updated on 2025-05-07 03:51:18 CEST.
Flavor | Version | Tinstall | Tcheck | Ttotal | Status | Flags |
---|---|---|---|---|---|---|
r-devel-linux-x86_64-debian-clang | 0.1.4 | 9.38 | 141.66 | 151.04 | OK | |
r-devel-linux-x86_64-debian-gcc | 0.1.4 | 6.84 | 106.77 | 113.61 | OK | |
r-devel-linux-x86_64-fedora-clang | 0.1.4 | 221.33 | OK | |||
r-devel-linux-x86_64-fedora-gcc | 0.1.4 | 214.32 | OK | |||
r-devel-windows-x86_64 | 0.1.4 | 11.00 | 107.00 | 118.00 | OK | |
r-patched-linux-x86_64 | 0.1.4 | 10.37 | 135.18 | 145.55 | OK | |
r-release-linux-x86_64 | 0.1.4 | 9.81 | 137.28 | 147.09 | OK | |
r-release-macos-arm64 | 0.1.4 | 56.00 | OK | |||
r-release-macos-x86_64 | 0.1.4 | 115.00 | OK | |||
r-release-windows-x86_64 | 0.1.4 | 12.00 | 109.00 | 121.00 | OK | |
r-oldrel-macos-arm64 | 0.1.4 | 58.00 | NOTE | |||
r-oldrel-macos-x86_64 | 0.1.4 | 104.00 | NOTE | |||
r-oldrel-windows-x86_64 | 0.1.4 | 15.00 | 139.00 | 154.00 | NOTE |
Version: 0.1.4
Check: package dependencies
Result: NOTE
Package suggested but not available for checking: ‘wmtsa’
Flavors: r-oldrel-macos-arm64, r-oldrel-macos-x86_64, r-oldrel-windows-x86_64