Last updated on 2025-05-07 03:51:18 CEST.
Flavor | Version | Tinstall | Tcheck | Ttotal | Status | Flags |
---|---|---|---|---|---|---|
r-devel-linux-x86_64-debian-clang | 1.0 | 8.54 | 261.92 | 270.46 | NOTE | |
r-devel-linux-x86_64-debian-gcc | 1.0 | 5.61 | 162.52 | 168.13 | NOTE | |
r-devel-linux-x86_64-fedora-clang | 1.0 | 450.18 | OK | |||
r-devel-linux-x86_64-fedora-gcc | 1.0 | 445.43 | OK | |||
r-devel-windows-x86_64 | 1.0 | 9.00 | 238.00 | 247.00 | OK | |
r-patched-linux-x86_64 | 1.0 | 6.17 | 243.01 | 249.18 | OK | |
r-release-linux-x86_64 | 1.0 | 7.30 | 240.71 | 248.01 | OK | |
r-release-macos-arm64 | 1.0 | 129.00 | OK | |||
r-release-macos-x86_64 | 1.0 | 286.00 | OK | |||
r-release-windows-x86_64 | 1.0 | 9.00 | 235.00 | 244.00 | OK | |
r-oldrel-macos-arm64 | 1.0 | 112.00 | OK | |||
r-oldrel-macos-x86_64 | 1.0 | 192.00 | OK | |||
r-oldrel-windows-x86_64 | 1.0 | 11.00 | 320.00 | 331.00 | OK |
Version: 1.0
Check: CRAN incoming feasibility
Result: NOTE
Maintainer: ‘Lu Mao <lmao@biostat.wisc.edu>’
No Authors@R field in DESCRIPTION.
Please add one, modifying
Authors@R: c(person(given = "Lu",
family = "Mao",
role = c("aut", "cre"),
email = "lmao@biostat.wisc.edu"),
person(given = "Tuo",
family = "Wang",
role = "aut"))
as necessary.
Flavors: r-devel-linux-x86_64-debian-clang, r-devel-linux-x86_64-debian-gcc