Last updated on 2025-05-04 03:51:10 CEST.
Flavor | Version | Tinstall | Tcheck | Ttotal | Status | Flags |
---|---|---|---|---|---|---|
r-devel-linux-x86_64-debian-clang | 1.0.2 | 1.30 | 12.48 | 13.78 | NOTE | |
r-devel-linux-x86_64-debian-gcc | 1.0.2 | 1.07 | 11.09 | 12.16 | NOTE | |
r-devel-linux-x86_64-fedora-clang | 1.0.2 | 21.56 | OK | |||
r-devel-linux-x86_64-fedora-gcc | 1.0.2 | 21.07 | OK | |||
r-devel-windows-x86_64 | 1.0.2 | 2.00 | 33.00 | 35.00 | OK | |
r-patched-linux-x86_64 | 1.0.2 | 1.19 | 11.92 | 13.11 | OK | |
r-release-linux-x86_64 | OK | |||||
r-release-macos-arm64 | 1.0.2 | 12.00 | OK | |||
r-release-macos-x86_64 | 1.0.2 | 18.00 | OK | |||
r-release-windows-x86_64 | 1.0.2 | 2.00 | 33.00 | 35.00 | OK | |
r-oldrel-macos-arm64 | 1.0.2 | 12.00 | OK | |||
r-oldrel-macos-x86_64 | 1.0.2 | 16.00 | OK | |||
r-oldrel-windows-x86_64 | 1.0.2 | 2.00 | 31.00 | 33.00 | OK |
Version: 1.0.2
Check: CRAN incoming feasibility
Result: NOTE
Maintainer: ‘Shu Chen <chenshu@umich.edu>’
No Authors@R field in DESCRIPTION.
Please add one, modifying
Authors@R: c(person(given = "Shu",
family = "Chen",
role = c("aut", "cre"),
email = "chenshu@umich.edu"),
person(given = "Andrzej",
family = "Galecki",
role = "aut",
email = "agalecki@umich.edu"))
as necessary.
Package CITATION file contains call(s) to old-style personList() or
as.personList(). Please use c() on person objects instead.
Package CITATION file contains call(s) to old-style citEntry(). Please
use bibentry() instead.
Flavors: r-devel-linux-x86_64-debian-clang, r-devel-linux-x86_64-debian-gcc