Last updated on 2025-05-06 03:51:20 CEST.
Flavor | Version | Tinstall | Tcheck | Ttotal | Status | Flags |
---|---|---|---|---|---|---|
r-devel-linux-x86_64-debian-clang | 1.0 | 6.69 | 76.17 | 82.86 | NOTE | |
r-devel-linux-x86_64-debian-gcc | 1.0 | 4.55 | 57.18 | 61.73 | NOTE | |
r-devel-linux-x86_64-fedora-clang | 1.0 | 135.76 | OK | |||
r-devel-linux-x86_64-fedora-gcc | 1.0 | 145.47 | OK | |||
r-devel-windows-x86_64 | 1.0 | 7.00 | 88.00 | 95.00 | OK | |
r-patched-linux-x86_64 | 1.0 | 6.39 | 75.96 | 82.35 | OK | |
r-release-linux-x86_64 | 1.0 | 6.44 | 75.49 | 81.93 | OK | |
r-release-macos-arm64 | 1.0 | 54.00 | OK | |||
r-release-macos-x86_64 | 1.0 | 95.00 | OK | |||
r-release-windows-x86_64 | 1.0 | 8.00 | 89.00 | 97.00 | OK | |
r-oldrel-macos-arm64 | 1.0 | 43.00 | OK | |||
r-oldrel-macos-x86_64 | 1.0 | 70.00 | OK | |||
r-oldrel-windows-x86_64 | 1.0 | 9.00 | 112.00 | 121.00 | OK |
Version: 1.0
Check: CRAN incoming feasibility
Result: NOTE
Maintainer: ‘Lu Mao <lmao@biostat.wisc.edu>’
No Authors@R field in DESCRIPTION.
Please add one, modifying
Authors@R: person(given = "Lu",
family = "Mao",
role = c("aut", "cre"),
email = "lmao@biostat.wisc.edu")
as necessary.
Flavors: r-devel-linux-x86_64-debian-clang, r-devel-linux-x86_64-debian-gcc