Last updated on 2025-10-31 02:50:47 CET.
| Flavor | Version | Tinstall | Tcheck | Ttotal | Status | Flags | 
|---|---|---|---|---|---|---|
| r-devel-linux-x86_64-debian-clang | 1.5-10 | 2.25 | 26.40 | 28.65 | NOTE | |
| r-devel-linux-x86_64-debian-gcc | 1.5-10 | 1.71 | 20.92 | 22.63 | NOTE | |
| r-devel-linux-x86_64-fedora-clang | 1.5-10 | 41.99 | NOTE | |||
| r-devel-linux-x86_64-fedora-gcc | 1.5-10 | 53.55 | NOTE | |||
| r-devel-windows-x86_64 | 1.5-10 | 4.00 | 44.00 | 48.00 | NOTE | |
| r-patched-linux-x86_64 | 1.5-10 | 2.71 | 24.78 | 27.49 | NOTE | |
| r-release-linux-x86_64 | 1.5-10 | 2.22 | 25.06 | 27.28 | NOTE | |
| r-release-macos-arm64 | 1.5-10 | 1.00 | 28.00 | 29.00 | NOTE | |
| r-release-macos-x86_64 | 1.5-10 | 2.00 | 38.00 | 40.00 | NOTE | |
| r-release-windows-x86_64 | 1.5-10 | 3.00 | 47.00 | 50.00 | NOTE | |
| r-oldrel-macos-arm64 | 1.5-10 | 1.00 | 20.00 | 21.00 | NOTE | |
| r-oldrel-macos-x86_64 | 1.5-10 | 2.00 | 31.00 | 33.00 | NOTE | |
| r-oldrel-windows-x86_64 | 1.5-10 | 4.00 | 54.00 | 58.00 | NOTE | 
Version: 1.5-10
Check: CRAN incoming feasibility
Result: NOTE
  Maintainer: ‘Soubhik Barari <soubhikbarari@gmail.com>’
  
  No Authors@R field in DESCRIPTION.
  Please add one, modifying
    Authors@R: c(person(given = "Heather",
                        family = "Stoll",
                        role = "aut",
                        email = "hstoll@polsci.ucsb.edu"),
                 person(given = "Gary",
                        family = "King",
                        role = "aut",
                        email = "king@harvard.edu"),
                 person(given = "Langche",
                        family = "Zeng",
                        role = "aut",
                        email = "zeng@ucsd.edu"),
                 person(given = "Christopher",
                        family = "Gandrud",
                        role = "aut",
                        email = "zelig.zee@gmail.com"),
                 person(given = "Ben",
                        family = "Sabath",
                        role = "aut"),
                 person(given = "Soubhik",
                        family = "Barari",
                        role = "cre",
                        email = "soubhikbarari@gmail.com"))
  as necessary.
Flavors: r-devel-linux-x86_64-debian-clang, r-devel-linux-x86_64-debian-gcc
Version: 1.5-10
Check: package subdirectories
Result: NOTE
  Problems with news in ‘NEWS.md’:
    Cannot extract version info from the following section titles:
      Major changes
      Minor changes
Flavors: r-devel-linux-x86_64-debian-clang, r-devel-linux-x86_64-debian-gcc, r-devel-linux-x86_64-fedora-clang, r-devel-linux-x86_64-fedora-gcc, r-devel-windows-x86_64, r-patched-linux-x86_64, r-release-linux-x86_64, r-release-macos-arm64, r-release-macos-x86_64, r-release-windows-x86_64, r-oldrel-macos-arm64, r-oldrel-macos-x86_64, r-oldrel-windows-x86_64