Last updated on 2025-05-04 03:51:10 CEST.
Flavor | Version | Tinstall | Tcheck | Ttotal | Status | Flags |
---|---|---|---|---|---|---|
r-devel-linux-x86_64-debian-clang | 0.0.8 | 3.01 | 28.64 | 31.65 | NOTE | |
r-devel-linux-x86_64-debian-gcc | 0.0.8 | 2.20 | 21.79 | 23.99 | NOTE | |
r-devel-linux-x86_64-fedora-clang | 0.0.8 | 49.62 | OK | |||
r-devel-linux-x86_64-fedora-gcc | 0.0.8 | 47.21 | OK | |||
r-devel-windows-x86_64 | 0.0.8 | 4.00 | 53.00 | 57.00 | NOTE | |
r-patched-linux-x86_64 | 0.0.8 | 2.94 | 27.22 | 30.16 | NOTE | |
r-release-linux-x86_64 | NOTE | |||||
r-release-macos-arm64 | 0.0.8 | 22.00 | OK | |||
r-release-macos-x86_64 | 0.0.8 | 33.00 | OK | |||
r-release-windows-x86_64 | 0.0.8 | 4.00 | 48.00 | 52.00 | NOTE | |
r-oldrel-macos-arm64 | 0.0.8 | 17.00 | OK | |||
r-oldrel-macos-x86_64 | 0.0.8 | 29.00 | OK | |||
r-oldrel-windows-x86_64 | 0.0.8 | 5.00 | 53.00 | 58.00 | OK |
Version: 0.0.8
Check: CRAN incoming feasibility
Result: NOTE
Maintainer: ‘Carson Sievert <cpsievert1@gmail.com>’
No Authors@R field in DESCRIPTION.
Please add one, modifying
Authors@R: person(given = "Carson",
family = "Sievert",
role = c("aut", "cre"),
email = "cpsievert1@gmail.com")
as necessary.
Flavors: r-devel-linux-x86_64-debian-clang, r-devel-linux-x86_64-debian-gcc
Version: 0.0.8
Check: Rd cross-references
Result: NOTE
Found the following Rd file(s) with Rd \link{} targets missing package
anchors:
XML2Obs.Rd: getNodeSet
XML2R.Rd: xmlParse, getNodeSet
docsToNodes.Rd: getNodeSet
nodesToList.Rd: xmlToList
re_name.Rd: collapse
urlsToDocs.Rd: xmlParse
Please provide package anchors for all Rd \link{} targets not in the
package itself and the base packages.
Flavors: r-devel-linux-x86_64-debian-clang, r-devel-linux-x86_64-debian-gcc, r-devel-windows-x86_64, r-patched-linux-x86_64, r-release-linux-x86_64, r-release-windows-x86_64