Last updated on 2025-05-07 03:51:19 CEST.
Flavor | Version | Tinstall | Tcheck | Ttotal | Status | Flags |
---|---|---|---|---|---|---|
r-devel-linux-x86_64-debian-clang | 1.4 | 3.90 | 30.15 | 34.05 | NOTE | |
r-devel-linux-x86_64-debian-gcc | 1.4 | 2.71 | 21.80 | 24.51 | NOTE | |
r-devel-linux-x86_64-fedora-clang | 1.4 | 53.48 | OK | |||
r-devel-linux-x86_64-fedora-gcc | 1.4 | 50.93 | OK | |||
r-devel-windows-x86_64 | 1.4 | 4.00 | 46.00 | 50.00 | OK | |
r-patched-linux-x86_64 | 1.4 | 3.52 | 28.70 | 32.22 | OK | |
r-release-linux-x86_64 | 1.4 | 3.52 | 28.45 | 31.97 | OK | |
r-release-macos-arm64 | 1.4 | 18.00 | OK | |||
r-release-macos-x86_64 | 1.4 | 31.00 | OK | |||
r-release-windows-x86_64 | 1.4 | 5.00 | 49.00 | 54.00 | OK | |
r-oldrel-macos-arm64 | 1.4 | 17.00 | OK | |||
r-oldrel-macos-x86_64 | 1.4 | 27.00 | OK | |||
r-oldrel-windows-x86_64 | 1.4 | 6.00 | 45.00 | 51.00 | OK |
Version: 1.4
Check: CRAN incoming feasibility
Result: NOTE
Maintainer: ‘Junlong Sun <junlong.sun@gmail.com>’
No Authors@R field in DESCRIPTION.
Please add one, modifying
Authors@R: c(person(given = "Junlong",
family = "Sun",
role = c("aut", "cre"),
email = "junlong.sun@gmail.com"),
person(given = "Song",
family = "Yang",
role = "aut"))
as necessary.
Package CITATION file contains call(s) to old-style personList() or
as.personList(). Please use c() on person objects instead.
Package CITATION file contains call(s) to old-style citEntry(). Please
use bibentry() instead.
Flavors: r-devel-linux-x86_64-debian-clang, r-devel-linux-x86_64-debian-gcc