Last updated on 2025-05-04 03:51:10 CEST.
Flavor | Version | Tinstall | Tcheck | Ttotal | Status | Flags |
---|---|---|---|---|---|---|
r-devel-linux-x86_64-debian-clang | 4.2.3 | 1.99 | 23.97 | 25.96 | NOTE | |
r-devel-linux-x86_64-debian-gcc | 4.2.3 | 1.70 | 18.76 | 20.46 | NOTE | |
r-devel-linux-x86_64-fedora-clang | 4.2.3 | 39.91 | OK | |||
r-devel-linux-x86_64-fedora-gcc | 4.2.3 | 38.82 | OK | |||
r-devel-windows-x86_64 | 4.2.3 | 4.00 | 50.00 | 54.00 | OK | |
r-patched-linux-x86_64 | 4.2.3 | 2.08 | 23.09 | 25.17 | OK | |
r-release-linux-x86_64 | OK | |||||
r-release-macos-arm64 | 4.2.3 | 18.00 | OK | |||
r-release-macos-x86_64 | 4.2.3 | 35.00 | OK | |||
r-release-windows-x86_64 | 4.2.3 | 4.00 | 46.00 | 50.00 | OK | |
r-oldrel-macos-arm64 | 4.2.3 | 18.00 | OK | |||
r-oldrel-macos-x86_64 | 4.2.3 | 25.00 | OK | |||
r-oldrel-windows-x86_64 | 4.2.3 | 4.00 | 51.00 | 55.00 | OK |
Version: 4.2.3
Check: CRAN incoming feasibility
Result: NOTE
Maintainer: ‘John W. Emerson <john.emerson@yale.edu>’
No Authors@R field in DESCRIPTION.
Please add one, modifying
Authors@R: c(person(given = c("John", "W."),
family = "Emerson",
role = c("aut", "cre"),
email = "john.emerson@yale.edu"),
person(given = c("Walton", "A."),
family = "Green",
role = "aut"))
as necessary.
Flavors: r-devel-linux-x86_64-debian-clang, r-devel-linux-x86_64-debian-gcc