Last updated on 2025-10-31 02:50:47 CET.
| Flavor | Version | Tinstall | Tcheck | Ttotal | Status | Flags | 
|---|---|---|---|---|---|---|
| r-devel-linux-x86_64-debian-clang | 0.1.1 | 3.22 | 138.41 | 141.63 | NOTE | |
| r-devel-linux-x86_64-debian-gcc | 0.1.1 | 2.26 | 144.27 | 146.53 | NOTE | |
| r-devel-linux-x86_64-fedora-clang | 0.1.1 | 158.47 | OK | |||
| r-devel-linux-x86_64-fedora-gcc | 0.1.1 | 179.67 | OK | |||
| r-devel-windows-x86_64 | 0.1.1 | 5.00 | 89.00 | 94.00 | OK | |
| r-patched-linux-x86_64 | 0.1.1 | 3.28 | 149.42 | 152.70 | OK | |
| r-release-linux-x86_64 | 0.1.1 | 3.17 | 124.43 | 127.60 | OK | |
| r-release-macos-arm64 | 0.1.1 | 2.00 | 64.00 | 66.00 | OK | |
| r-release-macos-x86_64 | 0.1.1 | 4.00 | 94.00 | 98.00 | OK | |
| r-release-windows-x86_64 | 0.1.1 | 5.00 | 91.00 | 96.00 | OK | |
| r-oldrel-macos-arm64 | 0.1.1 | 2.00 | 36.00 | 38.00 | OK | |
| r-oldrel-macos-x86_64 | 0.1.1 | 4.00 | 88.00 | 92.00 | OK | |
| r-oldrel-windows-x86_64 | 0.1.1 | 7.00 | 106.00 | 113.00 | OK | 
Version: 0.1.1
Check: CRAN incoming feasibility
Result: NOTE
  Maintainer: ‘Melina Ribaud <melina.ribaud@gmail.com>’
  
  No Authors@R field in DESCRIPTION.
  Please add one, modifying
    Authors@R: person(given = "Melina",
                      family = "Ribaud",
                      role = c("aut", "cre"),
                      email = "melina.ribaud@gmail.com")
  as necessary.
Flavors: r-devel-linux-x86_64-debian-clang, r-devel-linux-x86_64-debian-gcc