Last updated on 2025-10-31 02:50:25 CET.
| Flavor | Version | Tinstall | Tcheck | Ttotal | Status | Flags | 
|---|---|---|---|---|---|---|
| r-devel-linux-x86_64-debian-clang | 1.3.6 | 17.16 | 146.29 | 163.45 | NOTE | |
| r-devel-linux-x86_64-debian-gcc | 1.3.6 | 10.80 | 100.64 | 111.44 | NOTE | |
| r-devel-linux-x86_64-fedora-clang | 1.3.6 | 41.00 | 199.19 | 240.19 | NOTE | |
| r-devel-linux-x86_64-fedora-gcc | 1.3.6 | 34.00 | 193.35 | 227.35 | NOTE | |
| r-devel-windows-x86_64 | 1.3.6 | 18.00 | 128.00 | 146.00 | NOTE | |
| r-patched-linux-x86_64 | 1.3.6 | 16.95 | 129.67 | 146.62 | NOTE | |
| r-release-linux-x86_64 | 1.3.6 | 16.48 | 128.11 | 144.59 | NOTE | |
| r-release-macos-arm64 | 1.3.6 | 6.00 | 51.00 | 57.00 | NOTE | |
| r-release-macos-x86_64 | 1.3.6 | 13.00 | 101.00 | 114.00 | NOTE | |
| r-release-windows-x86_64 | 1.3.6 | 16.00 | 129.00 | 145.00 | NOTE | |
| r-oldrel-macos-arm64 | 1.3.6 | 7.00 | 49.00 | 56.00 | NOTE | |
| r-oldrel-macos-x86_64 | 1.3.6 | 10.00 | 80.00 | 90.00 | NOTE | |
| r-oldrel-windows-x86_64 | 1.3.6 | 23.00 | 177.00 | 200.00 | NOTE | 
Version: 1.3.6
Check: CRAN incoming feasibility
Result: NOTE
  Maintainer: ‘George Rosenberger <gr2578@cumc.columbia.edu>’
  
  No Authors@R field in DESCRIPTION.
  Please add one, modifying
    Authors@R: c(person(given = "George",
                        family = "Rosenberger",
                        role = c("aut", "cre"),
                        email = "gr2578@cumc.columbia.edu"),
                 person(given = "Hannes",
                        family = "Roest",
                        role = "aut"),
                 person(given = "Christina",
                        family = "Ludwig",
                        role = "aut"),
                 person(given = "Ruedi",
                        family = "Aebersold",
                        role = "aut"),
                 person(given = "Lars",
                        family = "Malmstroem",
                        role = "aut"))
  as necessary.
  
  Package CITATION file contains call(s) to old-style personList() or
  as.personList().  Please use c() on person objects instead.
Flavors: r-devel-linux-x86_64-debian-clang, r-devel-linux-x86_64-debian-gcc
Version: 1.3.6
Check: Rd files
Result: NOTE
  checkRd: (-1) ALF.Rd:47: Escaped LaTeX specials: \&
  checkRd: (-1) APEXMS.Rd:14: Lost braces in \enumerate; meant \describe ?
  checkRd: (-1) APEXMS.Rd:15: Lost braces in \enumerate; meant \describe ?
Flavors: r-devel-linux-x86_64-debian-clang, r-devel-linux-x86_64-debian-gcc, r-devel-linux-x86_64-fedora-clang, r-devel-linux-x86_64-fedora-gcc, r-devel-windows-x86_64, r-patched-linux-x86_64, r-release-linux-x86_64, r-release-macos-arm64, r-release-macos-x86_64, r-release-windows-x86_64, r-oldrel-macos-arm64, r-oldrel-macos-x86_64, r-oldrel-windows-x86_64