Last updated on 2025-10-30 02:48:56 CET.
| Flavor | Version | Tinstall | Tcheck | Ttotal | Status | Flags | 
|---|---|---|---|---|---|---|
| r-devel-linux-x86_64-debian-clang | 1.2 | 2.59 | 25.76 | 28.35 | NOTE | |
| r-devel-linux-x86_64-debian-gcc | 1.2 | 2.09 | 19.50 | 21.59 | NOTE | |
| r-devel-linux-x86_64-fedora-clang | 1.2 | 44.03 | OK | |||
| r-devel-linux-x86_64-fedora-gcc | 1.2 | 42.87 | OK | |||
| r-devel-windows-x86_64 | 1.2 | 5.00 | 43.00 | 48.00 | OK | |
| r-patched-linux-x86_64 | 1.2 | 2.46 | 24.57 | 27.03 | OK | |
| r-release-linux-x86_64 | 1.2 | 2.37 | 24.66 | 27.03 | OK | |
| r-release-macos-arm64 | 1.2 | 3.00 | 16.00 | 19.00 | OK | |
| r-release-macos-x86_64 | 1.2 | 4.00 | 29.00 | 33.00 | OK | |
| r-release-windows-x86_64 | 1.2 | 6.00 | 49.00 | 55.00 | OK | |
| r-oldrel-macos-arm64 | 1.2 | 2.00 | 17.00 | 19.00 | OK | |
| r-oldrel-macos-x86_64 | 1.2 | 3.00 | 22.00 | 25.00 | OK | |
| r-oldrel-windows-x86_64 | 1.2 | 6.00 | 45.00 | 51.00 | OK | 
Version: 1.2
Check: CRAN incoming feasibility
Result: NOTE
  Maintainer: ‘Adam J. Rothman <arothman@umn.edu>’
  
  No Authors@R field in DESCRIPTION.
  Please add one, modifying
    Authors@R: person(given = c("Adam", "J."),
                      family = "Rothman",
                      role = c("aut", "cre"),
                      email = "arothman@umn.edu")
  as necessary.
Flavors: r-devel-linux-x86_64-debian-clang, r-devel-linux-x86_64-debian-gcc