Last updated on 2025-05-04 03:50:47 CEST.
Flavor | Version | Tinstall | Tcheck | Ttotal | Status | Flags |
---|---|---|---|---|---|---|
r-devel-linux-x86_64-debian-clang | 1.10 | 27.76 | 68.82 | 96.58 | NOTE | |
r-devel-linux-x86_64-debian-gcc | 1.10 | 18.13 | 38.51 | 56.64 | NOTE | |
r-devel-linux-x86_64-fedora-clang | 1.10 | 141.06 | NOTE | |||
r-devel-linux-x86_64-fedora-gcc | 1.10 | 129.77 | NOTE | |||
r-devel-windows-x86_64 | 1.10 | 29.00 | 93.00 | 122.00 | NOTE | |
r-patched-linux-x86_64 | 1.10 | 26.08 | 48.98 | 75.06 | NOTE | |
r-release-linux-x86_64 | NOTE | |||||
r-release-macos-arm64 | 1.10 | 41.00 | NOTE | |||
r-release-macos-x86_64 | 1.10 | 95.00 | NOTE | |||
r-release-windows-x86_64 | 1.10 | 28.00 | 91.00 | 119.00 | NOTE | |
r-oldrel-macos-arm64 | 1.10 | 38.00 | NOTE | |||
r-oldrel-macos-x86_64 | 1.10 | 76.00 | NOTE | |||
r-oldrel-windows-x86_64 | 1.10 | 36.00 | 114.00 | 150.00 | NOTE |
Version: 1.10
Check: CRAN incoming feasibility
Result: NOTE
Maintainer: ‘Antony M. Overstall <A.M.Overstall@soton.ac.uk>’
No Authors@R field in DESCRIPTION.
Please add one, modifying
Authors@R: c(person(given = c("Antony", "M."),
family = "Overstall",
role = c("aut", "cre"),
email = "a.m.overstall@soton.ac.uk"),
person(given = c("David", "C."),
family = "Woods",
role = "aut"),
person(given = c("Maria", "Adamou", "&", "Damianos"),
family = "Michaelides",
role = "aut"))
as necessary.
Flavors: r-devel-linux-x86_64-debian-clang, r-devel-linux-x86_64-debian-gcc
Version: 1.10
Check: C++ specification
Result: NOTE
Specified C++11: please drop specification unless essential
Flavors: r-devel-linux-x86_64-debian-clang, r-devel-linux-x86_64-debian-gcc, r-devel-linux-x86_64-fedora-clang, r-devel-linux-x86_64-fedora-gcc, r-devel-windows-x86_64, r-patched-linux-x86_64, r-release-linux-x86_64, r-release-macos-arm64, r-release-macos-x86_64, r-release-windows-x86_64, r-oldrel-macos-arm64, r-oldrel-macos-x86_64, r-oldrel-windows-x86_64
Version: 1.10
Check: Rd files
Result: NOTE
checkRd: (-1) overstallwoods.Rd:184-185: Lost braces in \itemize; \value handles \item{}{} directly
checkRd: (-1) overstallwoods.Rd:186-187: Lost braces in \itemize; \value handles \item{}{} directly
checkRd: (-1) overstallwoods.Rd:188-189: Lost braces in \itemize; \value handles \item{}{} directly
checkRd: (-1) overstallwoods.Rd:190-191: Lost braces in \itemize; \value handles \item{}{} directly
Flavors: r-devel-linux-x86_64-debian-clang, r-devel-linux-x86_64-debian-gcc, r-devel-linux-x86_64-fedora-clang, r-devel-linux-x86_64-fedora-gcc, r-devel-windows-x86_64, r-patched-linux-x86_64, r-release-linux-x86_64, r-release-macos-arm64, r-release-macos-x86_64, r-release-windows-x86_64, r-oldrel-macos-arm64, r-oldrel-macos-x86_64, r-oldrel-windows-x86_64