Last updated on 2025-10-31 02:50:25 CET.
| Flavor | Version | Tinstall | Tcheck | Ttotal | Status | Flags | 
|---|---|---|---|---|---|---|
| r-devel-linux-x86_64-debian-clang | 1.1.1 | 2.72 | 38.23 | 40.95 | NOTE | |
| r-devel-linux-x86_64-debian-gcc | 1.1.1 | 2.25 | 26.90 | 29.15 | NOTE | |
| r-devel-linux-x86_64-fedora-clang | 1.1.1 | 59.63 | OK | |||
| r-devel-linux-x86_64-fedora-gcc | 1.1.1 | 57.06 | OK | |||
| r-devel-windows-x86_64 | 1.1.1 | 7.00 | 50.00 | 57.00 | OK | |
| r-patched-linux-x86_64 | 1.1.1 | 2.80 | 34.53 | 37.33 | OK | |
| r-release-linux-x86_64 | 1.1.1 | 2.47 | 34.74 | 37.21 | OK | |
| r-release-macos-arm64 | 1.1.1 | 2.00 | 20.00 | 22.00 | OK | |
| r-release-macos-x86_64 | 1.1.1 | 4.00 | 37.00 | 41.00 | OK | |
| r-release-windows-x86_64 | 1.1.1 | 5.00 | 53.00 | 58.00 | OK | |
| r-oldrel-macos-arm64 | 1.1.1 | 2.00 | 19.00 | 21.00 | OK | |
| r-oldrel-macos-x86_64 | 1.1.1 | 3.00 | 42.00 | 45.00 | OK | |
| r-oldrel-windows-x86_64 | 1.1.1 | 7.00 | 64.00 | 71.00 | OK | 
Version: 1.1.1
Check: CRAN incoming feasibility
Result: NOTE
  Maintainer: ‘Jairo Hidalgo Migueles <jairo.hidalgo.migueles@gmail.com>’
  
  No Authors@R field in DESCRIPTION.
  Please add one, modifying
    Authors@R: person(given = c("Jairo", "Hidalgo"),
                      family = "Migueles",
                      role = c("aut", "cre"),
                      email = "jairo.hidalgo.migueles@gmail.com")
  as necessary.
Flavors: r-devel-linux-x86_64-debian-clang, r-devel-linux-x86_64-debian-gcc