Last updated on 2025-05-04 03:50:47 CEST.
Flavor | Version | Tinstall | Tcheck | Ttotal | Status | Flags |
---|---|---|---|---|---|---|
r-devel-linux-x86_64-debian-clang | 0.1.0 | 4.37 | 37.80 | 42.17 | OK | |
r-devel-linux-x86_64-debian-gcc | 0.1.0 | 2.24 | 29.32 | 31.56 | OK | |
r-devel-linux-x86_64-fedora-clang | 0.1.0 | 64.63 | OK | |||
r-devel-linux-x86_64-fedora-gcc | 0.1.0 | 61.79 | OK | |||
r-devel-windows-x86_64 | 0.1.0 | 7.00 | 54.00 | 61.00 | OK | |
r-patched-linux-x86_64 | 0.1.0 | 4.08 | 36.00 | 40.08 | OK | |
r-release-linux-x86_64 | OK | |||||
r-release-macos-arm64 | 0.1.0 | 29.00 | OK | |||
r-release-macos-x86_64 | 0.1.0 | 39.00 | OK | |||
r-release-windows-x86_64 | 0.1.0 | 7.00 | 53.00 | 60.00 | OK | |
r-oldrel-macos-arm64 | 0.1.0 | 24.00 | NOTE | |||
r-oldrel-macos-x86_64 | 0.1.0 | 37.00 | NOTE | |||
r-oldrel-windows-x86_64 | 0.1.0 | 8.00 | 64.00 | 72.00 | NOTE |
Version: 0.1.0
Check: LazyData
Result: NOTE
'LazyData' is specified without a 'data' directory
Flavors: r-oldrel-macos-arm64, r-oldrel-macos-x86_64, r-oldrel-windows-x86_64