Last updated on 2025-05-06 03:50:56 CEST.
Flavor | Version | Tinstall | Tcheck | Ttotal | Status | Flags |
---|---|---|---|---|---|---|
r-devel-linux-x86_64-debian-clang | 1.0.2 | 2.38 | 17.60 | 19.98 | OK | |
r-devel-linux-x86_64-debian-gcc | 1.0.2 | 1.86 | 14.70 | 16.56 | OK | |
r-devel-linux-x86_64-fedora-clang | 1.0.2 | 31.75 | NOTE | |||
r-devel-linux-x86_64-fedora-gcc | 1.0.2 | 29.90 | NOTE | |||
r-devel-windows-x86_64 | 1.0.2 | 5.00 | 39.00 | 44.00 | OK | |
r-patched-linux-x86_64 | 1.0.2 | 2.52 | 17.26 | 19.78 | OK | |
r-release-linux-x86_64 | 1.0.2 | 2.15 | 17.25 | 19.40 | OK | |
r-release-macos-arm64 | 1.0.2 | 17.00 | OK | |||
r-release-macos-x86_64 | 1.0.2 | 24.00 | OK | |||
r-release-windows-x86_64 | 1.0.2 | 4.00 | 40.00 | 44.00 | OK | |
r-oldrel-macos-arm64 | 1.0.2 | 16.00 | OK | |||
r-oldrel-macos-x86_64 | 1.0.2 | 21.00 | OK | |||
r-oldrel-windows-x86_64 | 1.0.2 | 5.00 | 42.00 | 47.00 | OK |
Version: 1.0.2
Check: dependencies in R code
Result: NOTE
Namespace in Imports field not imported from: ‘docstring’
All declared Imports should be used.
Flavors: r-devel-linux-x86_64-fedora-clang, r-devel-linux-x86_64-fedora-gcc