Last updated on 2025-05-07 03:50:54 CEST.
Flavor | Version | Tinstall | Tcheck | Ttotal | Status | Flags |
---|---|---|---|---|---|---|
r-devel-linux-x86_64-debian-clang | 0.4.0 | 7.17 | 117.97 | 125.14 | NOTE | |
r-devel-linux-x86_64-debian-gcc | 0.4.0 | 5.71 | 80.86 | 86.57 | NOTE | |
r-devel-linux-x86_64-fedora-clang | 0.4.0 | 202.82 | NOTE | |||
r-devel-linux-x86_64-fedora-gcc | 0.4.0 | 198.01 | NOTE | |||
r-devel-windows-x86_64 | 0.4.0 | 8.00 | 130.00 | 138.00 | NOTE | |
r-patched-linux-x86_64 | 0.4.0 | 8.16 | 112.02 | 120.18 | NOTE | |
r-release-linux-x86_64 | 0.4.0 | 7.28 | 112.92 | 120.20 | NOTE | |
r-release-macos-arm64 | 0.4.0 | 67.00 | OK | |||
r-release-macos-x86_64 | 0.4.0 | 162.00 | OK | |||
r-release-windows-x86_64 | 0.4.0 | 10.00 | 131.00 | 141.00 | NOTE | |
r-oldrel-macos-arm64 | 0.4.0 | 65.00 | OK | |||
r-oldrel-macos-x86_64 | 0.4.0 | 111.00 | OK | |||
r-oldrel-windows-x86_64 | 0.4.0 | 10.00 | 158.00 | 168.00 | OK |
Version: 0.4.0
Check: CRAN incoming feasibility
Result: NOTE
Maintainer: ‘Kenji Kondo <kkondo.odnokk@gmail.com>’
Package has help file(s) containing later-stage \Sexpr{} expressions
but no 'build/stage23.rdb' file.
Flavors: r-devel-linux-x86_64-debian-clang, r-devel-linux-x86_64-debian-gcc
Version: 0.4.0
Check: Rd cross-references
Result: NOTE
Found the following Rd file(s) with Rd \link{} targets missing package
anchors:
AccurateGLM-class.Rd: cv.glmnet
coef.AccurateGLM.Rd: coef.glmnet
predict.AccurateGLM.Rd: predict.glmnet
Please provide package anchors for all Rd \link{} targets not in the
package itself and the base packages.
Flavors: r-devel-linux-x86_64-debian-clang, r-devel-linux-x86_64-debian-gcc, r-devel-windows-x86_64, r-patched-linux-x86_64, r-release-linux-x86_64, r-release-windows-x86_64
Version: 0.4.0
Check: dependencies in R code
Result: NOTE
Namespace in Imports field not imported from: ‘mathjaxr’
All declared Imports should be used.
Flavors: r-devel-linux-x86_64-fedora-clang, r-devel-linux-x86_64-fedora-gcc