Last updated on 2025-05-04 03:50:47 CEST.
Flavor | Version | Tinstall | Tcheck | Ttotal | Status | Flags |
---|---|---|---|---|---|---|
r-devel-linux-x86_64-debian-clang | 1.0.3 | 1.49 | 16.47 | 17.96 | NOTE | |
r-devel-linux-x86_64-debian-gcc | 1.0.3 | 1.35 | 13.55 | 14.90 | NOTE | |
r-devel-linux-x86_64-fedora-clang | 1.0.3 | 28.69 | OK | |||
r-devel-linux-x86_64-fedora-gcc | 1.0.3 | 27.23 | OK | |||
r-devel-windows-x86_64 | 1.0.3 | 2.00 | 34.00 | 36.00 | OK | |
r-patched-linux-x86_64 | 1.0.3 | 1.55 | 16.25 | 17.80 | OK | |
r-release-linux-x86_64 | OK | |||||
r-release-macos-arm64 | 1.0.3 | 18.00 | OK | |||
r-release-macos-x86_64 | 1.0.3 | 25.00 | OK | |||
r-release-windows-x86_64 | 1.0.3 | 3.00 | 36.00 | 39.00 | OK | |
r-oldrel-macos-arm64 | 1.0.3 | 19.00 | OK | |||
r-oldrel-macos-x86_64 | 1.0.3 | 27.00 | OK | |||
r-oldrel-windows-x86_64 | 1.0.3 | 3.00 | 34.00 | 37.00 | OK |
Version: 1.0.3
Check: CRAN incoming feasibility
Result: NOTE
Maintainer: ‘Chun-Han Lee <d10621201@ntu.edu.tw>’
No Authors@R field in DESCRIPTION.
Please add one, modifying
Authors@R: c(person(given = c("Chun-Han", "Lee"),
family = "<lyliu@ntu.edu.tw>",
role = "aut",
email = "lyliu@ntu.edu.tw"),
person(given = "Chun-Han",
family = "Lee",
role = "cre",
email = "d10621201@ntu.edu.tw"))
as necessary.
Flavors: r-devel-linux-x86_64-debian-clang, r-devel-linux-x86_64-debian-gcc