Last updated on 2025-05-06 03:50:56 CEST.
Flavor | Version | Tinstall | Tcheck | Ttotal | Status | Flags |
---|---|---|---|---|---|---|
r-devel-linux-x86_64-debian-clang | 0.2.1 | 4.85 | 66.60 | 71.45 | NOTE | |
r-devel-linux-x86_64-debian-gcc | 0.2.1 | 2.89 | 47.17 | 50.06 | NOTE | |
r-devel-linux-x86_64-fedora-clang | 0.2.1 | 109.52 | NOTE | |||
r-devel-linux-x86_64-fedora-gcc | 0.2.1 | 104.00 | NOTE | |||
r-devel-windows-x86_64 | 0.2.1 | 6.00 | 78.00 | 84.00 | NOTE | |
r-patched-linux-x86_64 | 0.2.1 | 4.66 | 61.21 | 65.87 | NOTE | |
r-release-linux-x86_64 | 0.2.1 | 4.27 | 60.54 | 64.81 | NOTE | |
r-release-macos-arm64 | 0.2.1 | 32.00 | NOTE | |||
r-release-macos-x86_64 | 0.2.1 | 58.00 | NOTE | |||
r-release-windows-x86_64 | 0.2.1 | 6.00 | 75.00 | 81.00 | NOTE | |
r-oldrel-macos-arm64 | 0.2.1 | 33.00 | OK | |||
r-oldrel-macos-x86_64 | 0.2.1 | 49.00 | OK | |||
r-oldrel-windows-x86_64 | 0.2.1 | 8.00 | 95.00 | 103.00 | OK |
Version: 0.2.1
Check: DESCRIPTION meta-information
Result: NOTE
Missing dependency on R >= 4.1.0 because package code uses the pipe
|> or function shorthand \(...) syntax added in R 4.1.0.
File(s) using such syntax:
‘calc_plan_stats.R’
Flavors: r-devel-linux-x86_64-debian-clang, r-devel-linux-x86_64-debian-gcc, r-devel-linux-x86_64-fedora-clang, r-devel-linux-x86_64-fedora-gcc, r-devel-windows-x86_64, r-patched-linux-x86_64, r-release-linux-x86_64, r-release-macos-arm64, r-release-macos-x86_64, r-release-windows-x86_64