Last updated on 2025-05-06 03:50:56 CEST.
Flavor | Version | Tinstall | Tcheck | Ttotal | Status | Flags |
---|---|---|---|---|---|---|
r-devel-linux-x86_64-debian-clang | 0.1.0 | 2.41 | 22.52 | 24.93 | NOTE | |
r-devel-linux-x86_64-debian-gcc | 0.1.0 | 1.65 | 18.08 | 19.73 | NOTE | |
r-devel-linux-x86_64-fedora-clang | 0.1.0 | 38.96 | OK | |||
r-devel-linux-x86_64-fedora-gcc | 0.1.0 | 37.33 | OK | |||
r-devel-windows-x86_64 | 0.1.0 | 3.00 | 42.00 | 45.00 | OK | |
r-patched-linux-x86_64 | 0.1.0 | 2.20 | 21.43 | 23.63 | OK | |
r-release-linux-x86_64 | 0.1.0 | 2.18 | 21.69 | 23.87 | OK | |
r-release-macos-arm64 | 0.1.0 | 20.00 | OK | |||
r-release-macos-x86_64 | 0.1.0 | 30.00 | OK | |||
r-release-windows-x86_64 | 0.1.0 | 4.00 | 45.00 | 49.00 | OK | |
r-oldrel-macos-arm64 | 0.1.0 | 23.00 | OK | |||
r-oldrel-macos-x86_64 | 0.1.0 | 34.00 | OK | |||
r-oldrel-windows-x86_64 | 0.1.0 | 5.00 | 42.00 | 47.00 | OK |
Version: 0.1.0
Check: CRAN incoming feasibility
Result: NOTE
Maintainer: ‘Cedric Hagen <ch0934@princeton.edu>’
No Authors@R field in DESCRIPTION.
Please add one, modifying
Authors@R: person(given = "Cedric",
family = "Hagen",
role = c("aut", "cre"),
email = "ch0934@princeton.edu")
as necessary.
Flavors: r-devel-linux-x86_64-debian-clang, r-devel-linux-x86_64-debian-gcc