CRAN Package Check Results for Package alqrfe

Last updated on 2025-07-03 03:49:35 CEST.

Flavor Version Tinstall Tcheck Ttotal Status Flags
r-devel-linux-x86_64-debian-clang 1.1 20.12 28.79 48.91 NOTE
r-devel-linux-x86_64-debian-gcc 1.1 12.62 22.80 35.42 NOTE
r-devel-linux-x86_64-fedora-clang 1.1 85.75 NOTE
r-devel-linux-x86_64-fedora-gcc 1.1 74.60 NOTE
r-devel-windows-x86_64 1.1 24.00 69.00 93.00 NOTE
r-patched-linux-x86_64 1.1 19.49 27.40 46.89 NOTE
r-release-linux-x86_64 1.1 19.67 26.86 46.53 NOTE
r-release-macos-arm64 1.1 29.00 NOTE
r-release-macos-x86_64 1.1 56.00 NOTE
r-release-windows-x86_64 1.1 24.00 71.00 95.00 NOTE
r-oldrel-macos-arm64 1.1 28.00 NOTE
r-oldrel-macos-x86_64 1.1 35.00 NOTE
r-oldrel-windows-x86_64 1.1 28.00 79.00 107.00 NOTE

Check Details

Version: 1.1
Check: C++ specification
Result: NOTE Specified C++11: please drop specification unless essential Flavors: r-devel-linux-x86_64-debian-clang, r-devel-linux-x86_64-debian-gcc, r-devel-linux-x86_64-fedora-clang, r-devel-linux-x86_64-fedora-gcc, r-devel-windows-x86_64, r-patched-linux-x86_64, r-release-linux-x86_64, r-release-macos-arm64, r-release-macos-x86_64, r-release-windows-x86_64, r-oldrel-macos-arm64, r-oldrel-macos-x86_64, r-oldrel-windows-x86_64