Last updated on 2025-05-06 03:50:56 CEST.
Flavor | Version | Tinstall | Tcheck | Ttotal | Status | Flags |
---|---|---|---|---|---|---|
r-devel-linux-x86_64-debian-clang | 0.1.5 | 2.13 | 25.89 | 28.02 | NOTE | |
r-devel-linux-x86_64-debian-gcc | 0.1.5 | 1.41 | 19.28 | 20.69 | NOTE | |
r-devel-linux-x86_64-fedora-clang | 0.1.5 | 45.61 | OK | |||
r-devel-linux-x86_64-fedora-gcc | 0.1.5 | 41.60 | OK | |||
r-devel-windows-x86_64 | 0.1.5 | 3.00 | 46.00 | 49.00 | OK | |
r-patched-linux-x86_64 | 0.1.5 | 2.33 | 24.55 | 26.88 | OK | |
r-release-linux-x86_64 | 0.1.5 | 1.88 | 24.09 | 25.97 | OK | |
r-release-macos-arm64 | 0.1.5 | 20.00 | OK | |||
r-release-macos-x86_64 | 0.1.5 | 32.00 | OK | |||
r-release-windows-x86_64 | 0.1.5 | 3.00 | 47.00 | 50.00 | OK | |
r-oldrel-macos-arm64 | 0.1.5 | 17.00 | OK | |||
r-oldrel-macos-x86_64 | 0.1.5 | 25.00 | OK | |||
r-oldrel-windows-x86_64 | 0.1.5 | 4.00 | 52.00 | 56.00 | OK |
Version: 0.1.5
Check: CRAN incoming feasibility
Result: NOTE
Maintainer: ‘Damien R. Farine <damien.farine@ieu.uzh.ch>’
No Authors@R field in DESCRIPTION.
Please add one, modifying
Authors@R: c(person(given = c("Damien", "R."),
family = "Farine",
role = c("aut", "cre"),
email = "damien.farine@ieu.uzh.ch"),
person(given = "Alfredo",
family = "Sanchez-Tojar",
role = "aut"))
as necessary.
Flavors: r-devel-linux-x86_64-debian-clang, r-devel-linux-x86_64-debian-gcc