Last updated on 2025-10-30 02:48:56 CET.
| Flavor | Version | Tinstall | Tcheck | Ttotal | Status | Flags | 
|---|---|---|---|---|---|---|
| r-devel-linux-x86_64-debian-clang | 0.1.5 | 1.98 | 27.30 | 29.28 | NOTE | |
| r-devel-linux-x86_64-debian-gcc | 0.1.5 | 1.72 | 20.38 | 22.10 | NOTE | |
| r-devel-linux-x86_64-fedora-clang | 0.1.5 | 43.73 | OK | |||
| r-devel-linux-x86_64-fedora-gcc | 0.1.5 | 41.36 | OK | |||
| r-devel-windows-x86_64 | 0.1.5 | 3.00 | 45.00 | 48.00 | OK | |
| r-patched-linux-x86_64 | 0.1.5 | 2.06 | 25.53 | 27.59 | OK | |
| r-release-linux-x86_64 | 0.1.5 | 1.96 | 25.19 | 27.15 | OK | |
| r-release-macos-arm64 | 0.1.5 | 1.00 | 19.00 | 20.00 | OK | |
| r-release-macos-x86_64 | 0.1.5 | 2.00 | 30.00 | 32.00 | OK | |
| r-release-windows-x86_64 | 0.1.5 | 4.00 | 48.00 | 52.00 | OK | |
| r-oldrel-macos-arm64 | 0.1.5 | 1.00 | 16.00 | 17.00 | OK | |
| r-oldrel-macos-x86_64 | 0.1.5 | 2.00 | 23.00 | 25.00 | OK | |
| r-oldrel-windows-x86_64 | 0.1.5 | 5.00 | 53.00 | 58.00 | OK | 
Version: 0.1.5
Check: CRAN incoming feasibility
Result: NOTE
  Maintainer: ‘Damien R. Farine <damien.farine@ieu.uzh.ch>’
  
  No Authors@R field in DESCRIPTION.
  Please add one, modifying
    Authors@R: c(person(given = c("Damien", "R."),
                        family = "Farine",
                        role = c("aut", "cre"),
                        email = "damien.farine@ieu.uzh.ch"),
                 person(given = "Alfredo",
                        family = "Sanchez-Tojar",
                        role = "aut"))
  as necessary.
Flavors: r-devel-linux-x86_64-debian-clang, r-devel-linux-x86_64-debian-gcc