CRAN Package Check Results for Package aniview

Last updated on 2025-07-25 03:51:16 CEST.

Flavor Version Tinstall Tcheck Ttotal Status Flags
r-devel-linux-x86_64-debian-clang 0.1.0 1.73 25.58 27.31 OK
r-devel-linux-x86_64-debian-gcc 0.1.0 1.77 21.33 23.10 OK
r-devel-linux-x86_64-fedora-clang 0.1.0 39.34 OK
r-devel-linux-x86_64-fedora-gcc 0.1.0 38.48 OK
r-devel-windows-x86_64 0.1.0 3.00 55.00 58.00 OK
r-patched-linux-x86_64 0.1.0 2.00 22.84 24.84 OK
r-release-linux-x86_64 0.1.0 1.98 22.73 24.71 OK
r-release-macos-arm64 0.1.0 19.00 OK
r-release-macos-x86_64 0.1.0 31.00 OK
r-release-windows-x86_64 0.1.0 4.00 52.00 56.00 OK
r-oldrel-macos-arm64 0.1.0 18.00 NOTE
r-oldrel-macos-x86_64 0.1.0 26.00 NOTE
r-oldrel-windows-x86_64 0.1.0 4.00 55.00 59.00 NOTE

Check Details

Version: 0.1.0
Check: LazyData
Result: NOTE 'LazyData' is specified without a 'data' directory Flavors: r-oldrel-macos-arm64, r-oldrel-macos-x86_64, r-oldrel-windows-x86_64