CRAN Package Check Results for Package anybadger

Last updated on 2025-05-06 03:50:56 CEST.

Flavor Version Tinstall Tcheck Ttotal Status Flags
r-devel-linux-x86_64-debian-clang 0.1.0 3.54 26.96 30.50 NOTE
r-devel-linux-x86_64-debian-gcc 0.1.0 2.59 21.94 24.53 NOTE
r-devel-linux-x86_64-fedora-clang 0.1.0 46.58 NOTE
r-devel-linux-x86_64-fedora-gcc 0.1.0 43.97 NOTE
r-devel-windows-x86_64 0.1.0 5.00 46.00 51.00 OK
r-patched-linux-x86_64 0.1.0 3.84 25.12 28.96 OK
r-release-linux-x86_64 0.1.0 3.51 25.23 28.74 OK
r-release-macos-arm64 0.1.0 24.00 OK
r-release-macos-x86_64 0.1.0 36.00 OK
r-release-windows-x86_64 0.1.0 5.00 47.00 52.00 OK
r-oldrel-macos-arm64 0.1.0 19.00 NOTE
r-oldrel-macos-x86_64 0.1.0 26.00 NOTE
r-oldrel-windows-x86_64 0.1.0 6.00 53.00 59.00 NOTE

Check Details

Version: 0.1.0
Check: CRAN incoming feasibility
Result: NOTE Maintainer: ‘Lorenzo Meninato <lorenzomeninato@gmail.com>’ No Authors@R field in DESCRIPTION. Please add one, modifying Authors@R: person(given = "Lorenzo", family = "Meninato", role = c("aut", "cre"), email = "lorenzomeninato@gmail.com") as necessary. Flavors: r-devel-linux-x86_64-debian-clang, r-devel-linux-x86_64-debian-gcc

Version: 0.1.0
Check: dependencies in R code
Result: NOTE Namespace in Imports field not imported from: ‘R6’ All declared Imports should be used. Flavors: r-devel-linux-x86_64-fedora-clang, r-devel-linux-x86_64-fedora-gcc

Version: 0.1.0
Check: LazyData
Result: NOTE 'LazyData' is specified without a 'data' directory Flavors: r-oldrel-macos-arm64, r-oldrel-macos-x86_64, r-oldrel-windows-x86_64