Last updated on 2025-05-06 03:50:57 CEST.
Flavor | Version | Tinstall | Tcheck | Ttotal | Status | Flags |
---|---|---|---|---|---|---|
r-devel-linux-x86_64-debian-clang | 0.7.2 | 1.95 | 21.29 | 23.24 | NOTE | |
r-devel-linux-x86_64-debian-gcc | 0.7.2 | 1.64 | 17.00 | 18.64 | NOTE | |
r-devel-linux-x86_64-fedora-clang | 0.7.2 | 34.76 | OK | |||
r-devel-linux-x86_64-fedora-gcc | 0.7.2 | 33.34 | OK | |||
r-devel-windows-x86_64 | 0.7.2 | 4.00 | 42.00 | 46.00 | OK | |
r-patched-linux-x86_64 | 0.7.2 | 2.00 | 20.20 | 22.20 | NOTE | |
r-release-linux-x86_64 | 0.7.2 | 1.70 | 20.18 | 21.88 | NOTE | |
r-release-macos-arm64 | 0.7.2 | 24.00 | OK | |||
r-release-macos-x86_64 | 0.7.2 | 25.00 | OK | |||
r-release-windows-x86_64 | 0.7.2 | 4.00 | 42.00 | 46.00 | OK | |
r-oldrel-macos-arm64 | 0.7.2 | 20.00 | OK | |||
r-oldrel-macos-x86_64 | 0.7.2 | 21.00 | OK | |||
r-oldrel-windows-x86_64 | 0.7.2 | 3.00 | 45.00 | 48.00 | OK |
Version: 0.7.2
Check: CRAN incoming feasibility
Result: NOTE
Maintainer: ‘David J. H. Shih <djh.shih@gmail.com>’
No Authors@R field in DESCRIPTION.
Please add one, modifying
Authors@R: person(given = c("David", "J.", "H."),
family = "Shih",
role = c("aut", "cre"),
email = "djh.shih@gmail.com")
as necessary.
Flavors: r-devel-linux-x86_64-debian-clang, r-devel-linux-x86_64-debian-gcc
Version: 0.7.2
Check: for unstated dependencies in ‘demo’
Result: NOTE
'library' or 'require' call not declared from: ‘magrittr’
Flavors: r-devel-linux-x86_64-debian-clang, r-devel-linux-x86_64-debian-gcc, r-patched-linux-x86_64, r-release-linux-x86_64