Last updated on 2025-05-04 03:50:47 CEST.
Flavor | Version | Tinstall | Tcheck | Ttotal | Status | Flags |
---|---|---|---|---|---|---|
r-devel-linux-x86_64-debian-clang | 3.2.2 | 54.00 | 274.73 | 328.73 | NOTE | |
r-devel-linux-x86_64-debian-gcc | 3.2.2 | 31.86 | 173.89 | 205.75 | NOTE | |
r-devel-linux-x86_64-fedora-clang | 3.2.2 | 360.94 | OK | |||
r-devel-linux-x86_64-fedora-gcc | 3.2.2 | 516.43 | OK | |||
r-devel-windows-x86_64 | 3.2.2 | 55.00 | 292.00 | 347.00 | NOTE | |
r-patched-linux-x86_64 | 3.2.2 | 53.25 | 262.58 | 315.83 | NOTE | |
r-release-linux-x86_64 | NOTE | |||||
r-release-macos-arm64 | 3.2.2 | 113.00 | OK | |||
r-release-macos-x86_64 | 3.2.2 | 263.00 | OK | |||
r-release-windows-x86_64 | 3.2.2 | 60.00 | 288.00 | 348.00 | NOTE | |
r-oldrel-macos-arm64 | 3.2.2 | 100.00 | NOTE | |||
r-oldrel-macos-x86_64 | 3.2.2 | 175.00 | NOTE | |||
r-oldrel-windows-x86_64 | 3.2.2 | 71.00 | 345.00 | 416.00 | NOTE |
Version: 3.2.2
Check: Rd cross-references
Result: NOTE
Found the following Rd file(s) with Rd \link{} targets missing package
anchors:
SmoothMultiarrayModel.Rd: ChromosomalModel,
CopyNumberSegmentationModel
byPath.AffymetrixFileSet.Rd: GenericDataFile
calculateBaseline.ChipEffectSet.Rd: getAverageFile
doCRMAv1.Rd: Verbose
doCRMAv2.Rd: Verbose
doFIRMA.Rd: Verbose
doGCRMA.Rd: Verbose
doRMA.Rd: Verbose
justRMA.Rd: Verbose
Please provide package anchors for all Rd \link{} targets not in the
package itself and the base packages.
Flavors: r-devel-linux-x86_64-debian-clang, r-devel-linux-x86_64-debian-gcc, r-devel-windows-x86_64, r-patched-linux-x86_64, r-release-linux-x86_64, r-release-windows-x86_64
Version: 3.2.2
Check: package dependencies
Result: NOTE
Package suggested but not available for checking: ‘AffymetrixDataTestFiles’
Flavors: r-oldrel-macos-arm64, r-oldrel-macos-x86_64
Version: 3.2.2
Check: installed package size
Result: NOTE
installed size is 6.1Mb
sub-directories of 1Mb or more:
R 3.0Mb
help 1.1Mb
testScripts 1.1Mb
Flavors: r-oldrel-macos-arm64, r-oldrel-macos-x86_64, r-oldrel-windows-x86_64