Last updated on 2025-05-04 03:50:48 CEST.
Flavor | Version | Tinstall | Tcheck | Ttotal | Status | Flags |
---|---|---|---|---|---|---|
r-devel-linux-x86_64-debian-clang | 4.2-1 | 2.14 | 20.29 | 22.43 | NOTE | |
r-devel-linux-x86_64-debian-gcc | 4.2-1 | 1.77 | 16.24 | 18.01 | NOTE | |
r-devel-linux-x86_64-fedora-clang | 4.2-1 | 34.31 | OK | |||
r-devel-linux-x86_64-fedora-gcc | 4.2-1 | 32.58 | OK | |||
r-devel-windows-x86_64 | 4.2-1 | 3.00 | 41.00 | 44.00 | OK | |
r-patched-linux-x86_64 | 4.2-1 | 2.46 | 19.34 | 21.80 | OK | |
r-release-linux-x86_64 | OK | |||||
r-release-macos-arm64 | 4.2-1 | 16.00 | OK | |||
r-release-macos-x86_64 | 4.2-1 | 25.00 | OK | |||
r-release-windows-x86_64 | 4.2-1 | 3.00 | 44.00 | 47.00 | OK | |
r-oldrel-macos-arm64 | 4.2-1 | 20.00 | OK | |||
r-oldrel-macos-x86_64 | 4.2-1 | 20.00 | OK | |||
r-oldrel-windows-x86_64 | 4.2-1 | 3.00 | 39.00 | 42.00 | OK |
Version: 4.2-1
Check: CRAN incoming feasibility
Result: NOTE
Maintainer: ‘Andrew Harris <harris@astro.umd.edu>’
No Authors@R field in DESCRIPTION.
Please add one, modifying
Authors@R: person(given = "Andrew",
family = "Harris",
role = c("aut", "cre"),
email = "harris@astro.umd.edu")
as necessary.
Flavors: r-devel-linux-x86_64-debian-clang, r-devel-linux-x86_64-debian-gcc