Last updated on 2025-10-30 02:48:56 CET.
| Flavor | Version | Tinstall | Tcheck | Ttotal | Status | Flags | 
|---|---|---|---|---|---|---|
| r-devel-linux-x86_64-debian-clang | 0.1 | 1.91 | 26.23 | 28.14 | NOTE | |
| r-devel-linux-x86_64-debian-gcc | 0.1 | 1.42 | 21.00 | 22.42 | NOTE | |
| r-devel-linux-x86_64-fedora-clang | 0.1 | 41.26 | OK | |||
| r-devel-linux-x86_64-fedora-gcc | 0.1 | 37.34 | OK | |||
| r-devel-windows-x86_64 | 0.1 | 3.00 | 43.00 | 46.00 | OK | |
| r-patched-linux-x86_64 | 0.1 | 1.82 | 23.41 | 25.23 | OK | |
| r-release-linux-x86_64 | 0.1 | 1.74 | 23.56 | 25.30 | OK | |
| r-release-macos-arm64 | 0.1 | 1.00 | 16.00 | 17.00 | OK | |
| r-release-macos-x86_64 | 0.1 | 2.00 | 25.00 | 27.00 | OK | |
| r-release-windows-x86_64 | 0.1 | 2.00 | 46.00 | 48.00 | OK | |
| r-oldrel-macos-arm64 | 0.1 | 1.00 | 21.00 | 22.00 | OK | |
| r-oldrel-macos-x86_64 | 0.1 | 2.00 | 20.00 | 22.00 | OK | |
| r-oldrel-windows-x86_64 | 0.1 | 4.00 | 51.00 | 55.00 | OK | 
Version: 0.1
Check: CRAN incoming feasibility
Result: NOTE
  Maintainer: ‘Richard M. Single <rsingle@uvm.edu>’
  
  No Authors@R field in DESCRIPTION.
  Please add one, modifying
    Authors@R: person(given = c("Richard", "M."),
                      family = "Single",
                      role = c("aut", "cre"),
                      email = "rsingle@uvm.edu")
  as necessary.
  
  Package CITATION file contains call(s) to old-style personList() or
  as.personList().  Please use c() on person objects instead.
  Package CITATION file contains call(s) to old-style citEntry().  Please
  use bibentry() instead.
Flavors: r-devel-linux-x86_64-debian-clang, r-devel-linux-x86_64-debian-gcc