Last updated on 2025-05-07 03:50:54 CEST.
Flavor | Version | Tinstall | Tcheck | Ttotal | Status | Flags |
---|---|---|---|---|---|---|
r-devel-linux-x86_64-debian-clang | 2.0.4 | 14.67 | 117.73 | 132.40 | NOTE | |
r-devel-linux-x86_64-debian-gcc | 2.0.4 | 10.09 | 87.67 | 97.76 | NOTE | |
r-devel-linux-x86_64-fedora-clang | 2.0.4 | 192.95 | OK | |||
r-devel-linux-x86_64-fedora-gcc | 2.0.4 | 205.96 | OK | |||
r-devel-windows-x86_64 | 2.0.4 | 17.00 | 121.00 | 138.00 | OK | |
r-patched-linux-x86_64 | 2.0.4 | 12.42 | 111.84 | 124.26 | OK | |
r-release-linux-x86_64 | 2.0.4 | 10.43 | 113.11 | 123.54 | OK | |
r-release-macos-arm64 | 2.0.4 | 60.00 | OK | |||
r-release-macos-x86_64 | 2.0.4 | 130.00 | OK | |||
r-release-windows-x86_64 | 2.0.4 | 15.00 | 121.00 | 136.00 | OK | |
r-oldrel-macos-arm64 | 2.0.4 | 58.00 | OK | |||
r-oldrel-macos-x86_64 | 2.0.4 | 94.00 | OK | |||
r-oldrel-windows-x86_64 | 2.0.4 | 22.00 | 147.00 | 169.00 | OK |
Version: 2.0.4
Check: CRAN incoming feasibility
Result: NOTE
Maintainer: ‘Berrie Zielman <berrie.zielman@gmail.com>’
No Authors@R field in DESCRIPTION.
Please add one, modifying
Authors@R: person(given = "Berrie",
family = "Zielman",
role = c("aut", "cre"),
email = "berrie.zielman@gmail.com")
as necessary.
Flavors: r-devel-linux-x86_64-debian-clang, r-devel-linux-x86_64-debian-gcc