Last updated on 2025-10-31 02:50:25 CET.
| Flavor | Version | Tinstall | Tcheck | Ttotal | Status | Flags | 
|---|---|---|---|---|---|---|
| r-devel-linux-x86_64-debian-clang | 0.2-1 | 2.55 | 25.39 | 27.94 | NOTE | |
| r-devel-linux-x86_64-debian-gcc | 0.2-1 | 2.16 | 20.39 | 22.55 | NOTE | |
| r-devel-linux-x86_64-fedora-clang | 0.2-1 | 16.00 | 29.67 | 45.67 | OK | |
| r-devel-linux-x86_64-fedora-gcc | 0.2-1 | 41.17 | OK | |||
| r-devel-windows-x86_64 | 0.2-1 | 5.00 | 43.00 | 48.00 | OK | |
| r-patched-linux-x86_64 | 0.2-1 | 2.13 | 24.24 | 26.37 | OK | |
| r-release-linux-x86_64 | 0.2-1 | 2.96 | 24.10 | 27.06 | OK | |
| r-release-macos-arm64 | 0.2-1 | 2.00 | 17.00 | 19.00 | OK | |
| r-release-macos-x86_64 | 0.2-1 | 3.00 | 25.00 | 28.00 | OK | |
| r-release-windows-x86_64 | 0.2-1 | 7.00 | 47.00 | 54.00 | OK | |
| r-oldrel-macos-arm64 | 0.2-1 | 1.00 | 16.00 | 17.00 | OK | |
| r-oldrel-macos-x86_64 | 0.2-1 | 2.00 | 22.00 | 24.00 | OK | |
| r-oldrel-windows-x86_64 | 0.2-1 | 6.00 | 51.00 | 57.00 | OK | 
Version: 0.2-1
Check: CRAN incoming feasibility
Result: NOTE
  Maintainer: ‘Dai Feng <daifeng.stat@gmail.com>’
  
  No Authors@R field in DESCRIPTION.
  Please add one, modifying
    Authors@R: c(person(given = "Dai",
                        family = "Feng",
                        role = c("aut", "cre"),
                        email = "daifeng.stat@gmail.com"),
                 person(given = "Damjan",
                        family = "Manevski",
                        role = "auc"),
                 person(given = c("Maja", "Pohar"),
                        family = "Perme",
                        role = "auc"))
  as necessary.
Flavors: r-devel-linux-x86_64-debian-clang, r-devel-linux-x86_64-debian-gcc