Last updated on 2025-05-06 03:50:57 CEST.
Flavor | Version | Tinstall | Tcheck | Ttotal | Status | Flags |
---|---|---|---|---|---|---|
r-devel-linux-x86_64-debian-clang | 0.1.7 | 16.74 | 175.82 | 192.56 | NOTE | |
r-devel-linux-x86_64-debian-gcc | 0.1.7 | 10.96 | 127.75 | 138.71 | NOTE | |
r-devel-linux-x86_64-fedora-clang | 0.1.7 | 313.81 | OK | |||
r-devel-linux-x86_64-fedora-gcc | 0.1.7 | 325.58 | OK | |||
r-devel-windows-x86_64 | 0.1.7 | 19.00 | 205.00 | 224.00 | OK | |
r-patched-linux-x86_64 | 0.1.7 | 16.11 | 163.88 | 179.99 | OK | |
r-release-linux-x86_64 | 0.1.7 | 16.87 | 163.83 | 180.70 | OK | |
r-release-macos-arm64 | 0.1.7 | 136.00 | OK | |||
r-release-macos-x86_64 | 0.1.7 | 164.00 | OK | |||
r-release-windows-x86_64 | 0.1.7 | 19.00 | 204.00 | 223.00 | OK | |
r-oldrel-macos-arm64 | 0.1.7 | 89.00 | OK | |||
r-oldrel-macos-x86_64 | 0.1.7 | 150.00 | OK | |||
r-oldrel-windows-x86_64 | 0.1.7 | 24.00 | 234.00 | 258.00 | OK |
Version: 0.1.7
Check: DESCRIPTION meta-information
Result: NOTE
Author field differs from that derived from Authors@R
Author: ‘J. Aravind [aut, cre] (<https://orcid.org/0000-0002-4791-442X>), S. Mukesh Sankar [aut] (<https://orcid.org/0000-0001-5459-392X>), Dhammaprakash Pandhari Wankhede [aut] (<https://orcid.org/0000-0001-6384-8664>), Vikender Kaur [aut] (<https://orcid.org/0000-0001-9698-7329>), ICAR-NBGPR [cph] (www.nbpgr.ernet.in)’
Authors@R: ‘J. Aravind [aut, cre] (ORCID: <https://orcid.org/0000-0002-4791-442X>), S. Mukesh Sankar [aut] (ORCID: <https://orcid.org/0000-0001-5459-392X>), Dhammaprakash Pandhari Wankhede [aut] (ORCID: <https://orcid.org/0000-0001-6384-8664>), Vikender Kaur [aut] (ORCID: <https://orcid.org/0000-0001-9698-7329>), ICAR-NBGPR [cph] (url: www.nbpgr.ernet.in)’
Flavors: r-devel-linux-x86_64-debian-clang, r-devel-linux-x86_64-debian-gcc