Last updated on 2025-05-06 03:50:57 CEST.
Flavor | Version | Tinstall | Tcheck | Ttotal | Status | Flags |
---|---|---|---|---|---|---|
r-devel-linux-x86_64-debian-clang | 0.3.0 | 3.48 | 142.50 | 145.98 | NOTE | |
r-devel-linux-x86_64-debian-gcc | 0.3.0 | 2.41 | 96.62 | 99.03 | NOTE | |
r-devel-linux-x86_64-fedora-clang | 0.3.0 | 228.62 | NOTE | |||
r-devel-linux-x86_64-fedora-gcc | 0.3.0 | 233.94 | NOTE | |||
r-devel-windows-x86_64 | 0.3.0 | 5.00 | 162.00 | 167.00 | NOTE | |
r-patched-linux-x86_64 | 0.3.0 | 3.49 | 136.04 | 139.53 | NOTE | |
r-release-linux-x86_64 | 0.3.0 | 2.62 | 136.90 | 139.52 | NOTE | |
r-release-macos-arm64 | 0.3.0 | 89.00 | NOTE | |||
r-release-macos-x86_64 | 0.3.0 | 129.00 | NOTE | |||
r-release-windows-x86_64 | 0.3.0 | 5.00 | 149.00 | 154.00 | NOTE | |
r-oldrel-macos-arm64 | 0.3.0 | 65.00 | NOTE | |||
r-oldrel-macos-x86_64 | 0.3.0 | 99.00 | NOTE | |||
r-oldrel-windows-x86_64 | 0.3.0 | 6.00 | 179.00 | 185.00 | NOTE |
Version: 0.3.0
Check: Rd files
Result: NOTE
checkRd: (-1) noauto_scorecard.Rd:20: Lost braces; missing escapes or markup?
20 | \item{fit}{See glm {stats}.}
| ^
checkRd: (-1) noauto_scorecard2.Rd:21: Lost braces; missing escapes or markup?
21 | \item{fit}{See glm {stats}.}
| ^
Flavors: r-devel-linux-x86_64-debian-clang, r-devel-linux-x86_64-debian-gcc, r-devel-linux-x86_64-fedora-clang, r-devel-linux-x86_64-fedora-gcc, r-devel-windows-x86_64, r-patched-linux-x86_64, r-release-linux-x86_64, r-release-macos-arm64, r-release-macos-x86_64, r-release-windows-x86_64, r-oldrel-macos-arm64, r-oldrel-macos-x86_64, r-oldrel-windows-x86_64