Last updated on 2025-10-31 02:50:25 CET.
| Flavor | Version | Tinstall | Tcheck | Ttotal | Status | Flags | 
|---|---|---|---|---|---|---|
| r-devel-linux-x86_64-debian-clang | 0.9.11 | 2.91 | 79.48 | 82.39 | NOTE | |
| r-devel-linux-x86_64-debian-gcc | 0.9.11 | 2.10 | 56.53 | 58.63 | NOTE | |
| r-devel-linux-x86_64-fedora-clang | 0.9.11 | 16.00 | 117.09 | 133.09 | NOTE | |
| r-devel-linux-x86_64-fedora-gcc | 0.9.11 | 128.12 | NOTE | |||
| r-devel-windows-x86_64 | 0.9.11 | 5.00 | 92.00 | 97.00 | OK | |
| r-patched-linux-x86_64 | 0.9.11 | 2.67 | 76.05 | 78.72 | OK | |
| r-release-linux-x86_64 | 0.9.11 | 2.55 | 76.80 | 79.35 | OK | |
| r-release-macos-arm64 | 0.9.11 | 2.00 | 41.00 | 43.00 | OK | |
| r-release-macos-x86_64 | 0.9.11 | 3.00 | 71.00 | 74.00 | OK | |
| r-release-windows-x86_64 | 0.9.11 | 5.00 | 95.00 | 100.00 | OK | |
| r-oldrel-macos-arm64 | 0.9.11 | 2.00 | 39.00 | 41.00 | NOTE | |
| r-oldrel-macos-x86_64 | 0.9.11 | 2.00 | 88.00 | 90.00 | NOTE | |
| r-oldrel-windows-x86_64 | 0.9.11 | 7.00 | 115.00 | 122.00 | NOTE | 
Version: 0.9.11
Check: CRAN incoming feasibility
Result: NOTE
  Maintainer: ‘Vivien Roussez <vivien.roussez@gmail.com>’
  
  No Authors@R field in DESCRIPTION.
  Please add one, modifying
    Authors@R: person(given = "Vivien",
                      family = "Roussez",
                      role = c("aut", "cre"),
                      email = "vivien.roussez@gmail.com")
  as necessary.
Flavors: r-devel-linux-x86_64-debian-clang, r-devel-linux-x86_64-debian-gcc
Version: 0.9.11
Check: dependencies in R code
Result: NOTE
  Namespaces in Imports field not imported from:
    ‘plotly’ ‘shinycssloaders’
    All declared Imports should be used.
Flavors: r-devel-linux-x86_64-fedora-clang, r-devel-linux-x86_64-fedora-gcc
Version: 0.9.11
Check: LazyData
Result: NOTE
    'LazyData' is specified without a 'data' directory
Flavors: r-oldrel-macos-arm64, r-oldrel-macos-x86_64, r-oldrel-windows-x86_64