Last updated on 2025-10-31 02:50:25 CET.
| Flavor | Version | Tinstall | Tcheck | Ttotal | Status | Flags | 
|---|---|---|---|---|---|---|
| r-devel-linux-x86_64-debian-clang | 0.2.2 | 1.78 | 26.00 | 27.78 | NOTE | |
| r-devel-linux-x86_64-debian-gcc | 0.2.2 | 1.53 | 21.25 | 22.78 | NOTE | |
| r-devel-linux-x86_64-fedora-clang | 0.2.2 | 43.44 | NOTE | |||
| r-devel-linux-x86_64-fedora-gcc | 0.2.2 | 56.08 | NOTE | |||
| r-devel-windows-x86_64 | 0.2.2 | 3.00 | 45.00 | 48.00 | NOTE | |
| r-patched-linux-x86_64 | 0.2.2 | 1.92 | 25.08 | 27.00 | NOTE | |
| r-release-linux-x86_64 | 0.2.2 | 1.86 | 25.15 | 27.01 | NOTE | |
| r-release-macos-arm64 | 0.2.2 | 1.00 | 23.00 | 24.00 | NOTE | |
| r-release-macos-x86_64 | 0.2.2 | 2.00 | 43.00 | 45.00 | NOTE | |
| r-release-windows-x86_64 | 0.2.2 | 6.00 | 46.00 | 52.00 | NOTE | |
| r-oldrel-macos-arm64 | 0.2.2 | 1.00 | 27.00 | 28.00 | OK | |
| r-oldrel-macos-x86_64 | 0.2.2 | 2.00 | 41.00 | 43.00 | OK | |
| r-oldrel-windows-x86_64 | 0.2.2 | 4.00 | 52.00 | 56.00 | OK | 
Version: 0.2.2
Check: DESCRIPTION meta-information
Result: NOTE
    Missing dependency on R >= 4.1.0 because package code uses the pipe
    |> or function shorthand \(...) syntax added in R 4.1.0.
    File(s) using such syntax:
      ‘round_rect.r’ ‘waffle.r’
Flavors: r-devel-linux-x86_64-debian-clang, r-devel-linux-x86_64-debian-gcc, r-devel-linux-x86_64-fedora-clang, r-devel-linux-x86_64-fedora-gcc, r-devel-windows-x86_64, r-patched-linux-x86_64, r-release-linux-x86_64, r-release-macos-arm64, r-release-macos-x86_64, r-release-windows-x86_64