Last updated on 2025-07-24 03:49:53 CEST.
Flavor | Version | Tinstall | Tcheck | Ttotal | Status | Flags |
---|---|---|---|---|---|---|
r-devel-linux-x86_64-debian-clang | 0.2.11 | 7.68 | 401.04 | 408.72 | NOTE | |
r-devel-linux-x86_64-debian-gcc | 0.2.11 | 5.20 | 185.15 | 190.35 | NOTE | |
r-devel-linux-x86_64-fedora-clang | 0.2.11 | 416.78 | OK | |||
r-devel-linux-x86_64-fedora-gcc | 0.2.11 | 427.58 | OK | |||
r-devel-windows-x86_64 | 0.2.11 | 11.00 | 395.00 | 406.00 | OK | |
r-patched-linux-x86_64 | 0.2.11 | 7.74 | 229.33 | 237.07 | OK | |
r-release-linux-x86_64 | 0.2.11 | 6.12 | 230.12 | 236.24 | OK | |
r-release-macos-arm64 | 0.2.11 | 198.00 | OK | |||
r-release-macos-x86_64 | 0.2.11 | 353.00 | OK | |||
r-release-windows-x86_64 | 0.2.11 | 11.00 | 400.00 | 411.00 | OK | |
r-oldrel-macos-arm64 | 0.2.11 | 193.00 | OK | |||
r-oldrel-macos-x86_64 | 0.2.11 | 423.00 | OK | |||
r-oldrel-windows-x86_64 | 0.2.11 | 14.00 | 508.00 | 522.00 | OK |
Version: 0.2.11
Check: CRAN incoming feasibility
Result: NOTE
Maintainer: ‘Caspar J van Lissa <c.j.vanlissa@tilburguniversity.edu>’
The BugReports field in DESCRIPTION has
https://github.com/cjvanlissa/bain/
which should likely be
https://github.com/cjvanlissa/bain/issues
instead.
Flavors: r-devel-linux-x86_64-debian-clang, r-devel-linux-x86_64-debian-gcc