Last updated on 2025-05-06 03:50:57 CEST.
Flavor | Version | Tinstall | Tcheck | Ttotal | Status | Flags |
---|---|---|---|---|---|---|
r-devel-linux-x86_64-debian-clang | 0.9.6 | 4.84 | 55.96 | 60.80 | NOTE | |
r-devel-linux-x86_64-debian-gcc | 0.9.6 | 2.50 | 40.31 | 42.81 | NOTE | |
r-devel-linux-x86_64-fedora-clang | 0.9.6 | 96.51 | OK | |||
r-devel-linux-x86_64-fedora-gcc | 0.9.6 | 89.50 | OK | |||
r-devel-windows-x86_64 | 0.9.6 | 7.00 | 79.00 | 86.00 | NOTE | |
r-patched-linux-x86_64 | 0.9.6 | 4.28 | 51.52 | 55.80 | NOTE | |
r-release-linux-x86_64 | 0.9.6 | 4.92 | 51.59 | 56.51 | NOTE | |
r-release-macos-arm64 | 0.9.6 | 35.00 | OK | |||
r-release-macos-x86_64 | 0.9.6 | 59.00 | OK | |||
r-release-windows-x86_64 | 0.9.6 | 8.00 | 77.00 | 85.00 | NOTE | |
r-oldrel-macos-arm64 | 0.9.6 | 33.00 | OK | |||
r-oldrel-macos-x86_64 | 0.9.6 | 47.00 | OK | |||
r-oldrel-windows-x86_64 | 0.9.6 | 10.00 | 92.00 | 102.00 | OK |
Version: 0.9.6
Check: Rd cross-references
Result: NOTE
Found the following Rd file(s) with Rd \link{} targets missing package
anchors:
getBanterModel.Rd: randomForest
Please provide package anchors for all Rd \link{} targets not in the
package itself and the base packages.
Flavors: r-devel-linux-x86_64-debian-clang, r-devel-linux-x86_64-debian-gcc, r-devel-windows-x86_64, r-patched-linux-x86_64, r-release-linux-x86_64, r-release-windows-x86_64