Last updated on 2025-07-25 03:51:17 CEST.
Flavor | Version | Tinstall | Tcheck | Ttotal | Status | Flags |
---|---|---|---|---|---|---|
r-devel-linux-x86_64-debian-clang | 0.3.0 | 70.04 | 24.58 | 94.62 | NOTE | |
r-devel-linux-x86_64-debian-gcc | 0.3.0 | 56.18 | 26.09 | 82.27 | NOTE | |
r-devel-linux-x86_64-fedora-clang | 0.3.0 | 149.20 | OK | |||
r-devel-linux-x86_64-fedora-gcc | 0.3.0 | 179.09 | OK | |||
r-devel-windows-x86_64 | 0.3.0 | 68.00 | 79.00 | 147.00 | OK | |
r-patched-linux-x86_64 | 0.3.0 | 76.96 | 32.32 | 109.28 | OK | |
r-release-linux-x86_64 | 0.3.0 | 73.50 | 32.38 | 105.88 | OK | |
r-release-macos-arm64 | 0.3.0 | 49.00 | OK | |||
r-release-macos-x86_64 | 0.3.0 | 62.00 | OK | |||
r-release-windows-x86_64 | 0.3.0 | 70.00 | 78.00 | 148.00 | OK | |
r-oldrel-macos-arm64 | 0.3.0 | 48.00 | NOTE | |||
r-oldrel-macos-x86_64 | 0.3.0 | 57.00 | NOTE | |||
r-oldrel-windows-x86_64 | 0.3.0 | 82.00 | 81.00 | 163.00 | OK |
Version: 0.3.0
Check: CRAN incoming feasibility
Result: NOTE
Maintainer: ‘Qingyan Xiang <qyxiang@bu.edu>’
No Authors@R field in DESCRIPTION.
Please add one, modifying
Authors@R: c(person(given = "Qingyan",
family = "Xiang",
role = c("aut", "cre"),
email = "qyxiang@bu.edu"),
person(given = "Naveen",
family = "Narisetty",
role = "aut",
email = "naveen@illinois.edu"))
as necessary.
Flavors: r-devel-linux-x86_64-debian-clang, r-devel-linux-x86_64-debian-gcc
Version: 0.3.0
Check: installed package size
Result: NOTE
installed size is 19.7Mb
sub-directories of 1Mb or more:
libs 19.6Mb
Flavors: r-oldrel-macos-arm64, r-oldrel-macos-x86_64