Last updated on 2025-10-31 02:50:25 CET.
| Flavor | Version | Tinstall | Tcheck | Ttotal | Status | Flags | 
|---|---|---|---|---|---|---|
| r-devel-linux-x86_64-debian-clang | 0.3.0 | 73.03 | 26.18 | 99.21 | NOTE | |
| r-devel-linux-x86_64-debian-gcc | 0.3.0 | 54.05 | 26.91 | 80.96 | NOTE | |
| r-devel-linux-x86_64-fedora-clang | 0.3.0 | 98.00 | 52.80 | 150.80 | OK | |
| r-devel-linux-x86_64-fedora-gcc | 0.3.0 | 150.00 | 25.91 | 175.91 | OK | |
| r-devel-windows-x86_64 | 0.3.0 | 68.00 | 68.00 | 136.00 | OK | |
| r-patched-linux-x86_64 | 0.3.0 | 77.04 | 33.76 | 110.80 | OK | |
| r-release-linux-x86_64 | 0.3.0 | 78.10 | 33.72 | 111.82 | OK | |
| r-release-macos-arm64 | 0.3.0 | 30.00 | 19.00 | 49.00 | OK | |
| r-release-macos-x86_64 | 0.3.0 | 35.00 | 27.00 | 62.00 | OK | |
| r-release-windows-x86_64 | 0.3.0 | 71.00 | 71.00 | 142.00 | OK | |
| r-oldrel-macos-arm64 | 0.3.0 | 27.00 | 21.00 | 48.00 | NOTE | |
| r-oldrel-macos-x86_64 | 0.3.0 | 33.00 | 24.00 | 57.00 | NOTE | |
| r-oldrel-windows-x86_64 | 0.3.0 | 80.00 | 82.00 | 162.00 | OK | 
Version: 0.3.0
Check: CRAN incoming feasibility
Result: NOTE
  Maintainer: ‘Qingyan Xiang <qyxiang@bu.edu>’
  
  No Authors@R field in DESCRIPTION.
  Please add one, modifying
    Authors@R: c(person(given = "Qingyan",
                        family = "Xiang",
                        role = c("aut", "cre"),
                        email = "qyxiang@bu.edu"),
                 person(given = "Naveen",
                        family = "Narisetty",
                        role = "aut",
                        email = "naveen@illinois.edu"))
  as necessary.
Flavors: r-devel-linux-x86_64-debian-clang, r-devel-linux-x86_64-debian-gcc
Version: 0.3.0
Check: installed package size
Result: NOTE
    installed size is 19.7Mb
    sub-directories of 1Mb or more:
      libs  19.6Mb
Flavors: r-oldrel-macos-arm64, r-oldrel-macos-x86_64