CRAN Package Check Results for Package batata

Last updated on 2025-05-07 03:50:55 CEST.

Flavor Version Tinstall Tcheck Ttotal Status Flags
r-devel-linux-x86_64-debian-clang 0.2.1 1.72 26.09 27.81 NOTE
r-devel-linux-x86_64-debian-gcc 0.2.1 1.33 20.84 22.17 NOTE
r-devel-linux-x86_64-fedora-clang 0.2.1 43.51 OK
r-devel-linux-x86_64-fedora-gcc 0.2.1 58.29 OK
r-devel-windows-x86_64 0.2.1 3.00 48.00 51.00 OK
r-patched-linux-x86_64 0.2.1 2.06 24.46 26.52 OK
r-release-linux-x86_64 0.2.1 1.78 24.72 26.50 OK
r-release-macos-arm64 0.2.1 71.00 OK
r-release-macos-x86_64 0.2.1 77.00 OK
r-release-windows-x86_64 0.2.1 3.00 48.00 51.00 OK
r-oldrel-macos-arm64 0.2.1 32.00 NOTE
r-oldrel-macos-x86_64 0.2.1 40.00 NOTE
r-oldrel-windows-x86_64 0.2.1 4.00 53.00 57.00 NOTE

Check Details

Version: 0.2.1
Check: CRAN incoming feasibility
Result: NOTE Maintainer: ‘Mohamed El Fodil Ihaddaden <ihaddaden.fodeil@gmail.com>’ No Authors@R field in DESCRIPTION. Please add one, modifying Authors@R: person(given = c("Mohamed", "El", "Fodil"), family = "Ihaddaden", role = c("aut", "cre"), email = "ihaddaden.fodeil@gmail.com") as necessary. Flavors: r-devel-linux-x86_64-debian-clang, r-devel-linux-x86_64-debian-gcc

Version: 0.2.1
Check: LazyData
Result: NOTE 'LazyData' is specified without a 'data' directory Flavors: r-oldrel-macos-arm64, r-oldrel-macos-x86_64, r-oldrel-windows-x86_64