Last updated on 2025-05-06 03:50:57 CEST.
Flavor | Version | Tinstall | Tcheck | Ttotal | Status | Flags |
---|---|---|---|---|---|---|
r-devel-linux-x86_64-debian-clang | 3.0.4 | 5.61 | 24.43 | 30.04 | NOTE | |
r-devel-linux-x86_64-debian-gcc | 3.0.4 | 3.30 | 19.28 | 22.58 | NOTE | |
r-devel-linux-x86_64-fedora-clang | 3.0.4 | 46.78 | NOTE | |||
r-devel-linux-x86_64-fedora-gcc | 3.0.4 | 44.80 | NOTE | |||
r-devel-windows-x86_64 | 3.0.4 | 9.00 | 47.00 | 56.00 | NOTE | |
r-patched-linux-x86_64 | 3.0.4 | 4.69 | 23.25 | 27.94 | NOTE | |
r-release-linux-x86_64 | 3.0.4 | 3.94 | 23.22 | 27.16 | NOTE | |
r-release-macos-arm64 | 3.0.4 | 19.00 | NOTE | |||
r-release-macos-x86_64 | 3.0.4 | 37.00 | NOTE | |||
r-release-windows-x86_64 | 3.0.4 | 9.00 | 48.00 | 57.00 | NOTE | |
r-oldrel-macos-arm64 | 3.0.4 | 23.00 | NOTE | |||
r-oldrel-macos-x86_64 | 3.0.4 | 30.00 | NOTE | |||
r-oldrel-windows-x86_64 | 3.0.4 | 7.00 | 52.00 | 59.00 | NOTE |
Version: 3.0.4
Check: Rd files
Result: NOTE
checkRd: (-1) bayesDccGarch.Rd:91: Lost braces; missing escapes or markup?
91 | \item{$H_n1 }{ Bayesian prediction of volatilities and co-volatilities for y_{n+1}.}
| ^
checkRd: (-1) bayesDccGarch.Rd:92: Lost braces; missing escapes or markup?
92 | \item{$R_n1 }{ Bayesian prediction of coditional correlation for y_{n+1}.}
| ^
Flavors: r-devel-linux-x86_64-debian-clang, r-devel-linux-x86_64-debian-gcc, r-devel-linux-x86_64-fedora-clang, r-devel-linux-x86_64-fedora-gcc, r-devel-windows-x86_64, r-patched-linux-x86_64, r-release-linux-x86_64, r-release-macos-arm64, r-release-macos-x86_64, r-release-windows-x86_64, r-oldrel-macos-arm64, r-oldrel-macos-x86_64, r-oldrel-windows-x86_64